{"id":43,"date":"2023-07-28T06:31:11","date_gmt":"2023-07-28T06:31:11","guid":{"rendered":"https:\/\/mundomagnoliophyta.com\/tienda\/?post_type=product&#038;p=43"},"modified":"2023-07-29T06:18:31","modified_gmt":"2023-07-29T12:18:31","slug":"paquete-1-saundersii-4in-1-horombense-3in-y-1-baronii-3in-regalo","status":"publish","type":"product","link":"https:\/\/mundomagnoliophyta.com\/tienda\/paquetes\/paquete-pachypodium-2080\/","title":{"rendered":"Paquete 1 Saundersii 4in, 1 Horombense 3in y 1 Baronii 3in + Regalo"},"content":{"rendered":"<p>Este es un Paquete de Pachypodium de diferentes variedades. Ll\u00e9vate m\u00e1s variedades con un ahorro significativo.<\/p>\n<h2>\u00bfQu\u00e9 incluye?<\/h2>\n<p>Este Paquete de Pachypodium incluye lo siguiente:<\/p>\n<p>1 x <a href=\"https:\/\/mundomagnoliophyta.com\/producto\/pachypodium-saundersii-4-pulgadas\/\">Pachypodium Lealii Saunderse de 4 pulgadas.<\/a><\/p>\n<p>1 x <a href=\"https:\/\/mundomagnoliophyta.com\/producto\/pachypodium-horombense-3-pulgadas\/\">Pachypodium Horombense de 3 pulgadas.<\/a><\/p>\n<p>1 x <a href=\"https:\/\/mundomagnoliophyta.com\/producto\/pachypodium-baronii-3-pulgadas\/\">Pachypodium Baronii de 3 Pulgadas.<\/a><\/p>\n<h2>y de regalo:<\/h2>\n<p>2 x <a href=\"https:\/\/mundomagnoliophyta.com\/producto\/pachypodium-lamerei-5-pulgadas\/\">Pachypodium Lamerei en presentaci\u00f3n de 5 Pulgadas.<\/a><\/p>\n<p>Arma tu colecci\u00f3n con este magn\u00edfico paquete y obt\u00e9n un ahorro al adquirir esta Pack de Pachypodium de diferentes variedades.<\/p>\n<p>&nbsp;<\/p>\n<h2>As\u00ed son las flores de estos Pachypodium.<\/h2>\n<p>&nbsp;<\/p>\n<figure id=\"attachment_1748\" aria-describedby=\"caption-attachment-1748\" style=\"width: 450px\" class=\"wp-caption alignnone\"><a href=\"https:\/\/mundomagnoliophyta.com\/wp-content\/uploads\/2020\/04\/Flores-del-Pachypodium-Saundersii.jpg\"><img loading=\"lazy\" decoding=\"async\" class=\"size-full wp-image-1748\" src=\"https:\/\/mundomagnoliophyta.com\/wp-content\/uploads\/2020\/04\/Flores-del-Pachypodium-Saundersii.jpg\" alt=\"Flor del Pachypodium Saundersii\" width=\"450\" height=\"600\" \/><\/a><figcaption id=\"caption-attachment-1748\" class=\"wp-caption-text\">Flor blanca Pachypodium Lealii Saundersii<\/figcaption><\/figure>\n<figure id=\"attachment_1861\" aria-describedby=\"caption-attachment-1861\" style=\"width: 1024px\" class=\"wp-caption alignnone\"><a href=\"https:\/\/mundomagnoliophyta.com\/wp-content\/uploads\/2020\/04\/Flor-de-Pachyopdium-Horombense-2_3.jpg\"><img loading=\"lazy\" decoding=\"async\" class=\"wp-image-1861 size-large\" src=\"https:\/\/mundomagnoliophyta.com\/wp-content\/uploads\/2020\/04\/Flor-de-Pachyopdium-Horombense-2_3-1024x768.jpg\" alt=\"C\u00f3mo es la flor del Pachypodium Horombense - Vivero Magnoliophyta\" width=\"1024\" height=\"768\" \/><\/a><figcaption id=\"caption-attachment-1861\" class=\"wp-caption-text\">Flor del Pachypodium Horombense.<\/figcaption><\/figure>\n<p>&nbsp;<\/p>\n<figure id=\"attachment_1656\" aria-describedby=\"caption-attachment-1656\" style=\"width: 1024px\" class=\"wp-caption alignnone\"><a href=\"https:\/\/mundomagnoliophyta.com\/wp-content\/uploads\/2020\/04\/Flor-del-Pachypodium-Baronii-1_11.jpg\"><img loading=\"lazy\" decoding=\"async\" class=\"wp-image-1656 size-large\" src=\"https:\/\/mundomagnoliophyta.com\/wp-content\/uploads\/2020\/04\/Flor-del-Pachypodium-Baronii-1_11-1024x768.jpg\" alt=\"Flor de Pachypodium Baronii\" width=\"1024\" height=\"768\" \/><\/a><figcaption id=\"caption-attachment-1656\" class=\"wp-caption-text\">Flores del Pachypodium Baronii.<\/figcaption><\/figure>\n<p>&nbsp;<\/p>\n<figure id=\"attachment_879\" aria-describedby=\"caption-attachment-879\" style=\"width: 768px\" class=\"wp-caption alignnone\"><a href=\"https:\/\/mundomagnoliophyta.com\/wp-content\/uploads\/2019\/12\/IMG_5906-e1575221532693.jpg\"><img loading=\"lazy\" decoding=\"async\" class=\"size-large wp-image-879\" src=\"https:\/\/mundomagnoliophyta.com\/wp-content\/uploads\/2019\/12\/IMG_5906-e1575221532693-768x1024.jpg\" alt=\"Flor de Pachypodium Lamerei Adulto\" width=\"768\" height=\"1024\" \/><\/a><figcaption id=\"caption-attachment-879\" class=\"wp-caption-text\">Foto de la flor blanca de un Pachypodium Lamerei.<\/figcaption><\/figure>\n<h2>\u00bfTienes dudas?<\/h2>\n<p>[wpforms id=\u00bb3788&#8243; title=\u00bbfalse\u00bb description=\u00bbtrue\u00bb]<\/p>\n","protected":false},"excerpt":{"rendered":"<ul>\n<li style=\"color: #2e9b03;\">Compra segura y protegida con SSL.<\/li>\n<li style=\"color: #2e9b03;\">Paga en OXXO, con Tarjeta o Transferencia.<\/li>\n<li style=\"color: #2e9b03;\">Recibe el producto que esperas o te devolvemos tu dinero.<\/li>\n<li><strong>Escr\u00edbenos haciendo <a href=\"https:\/\/mundomagnoliophyta.com\/contacto\/\">clic aqu\u00ed si deseas comprar este producto<\/a>.<\/strong><\/li>\n<\/ul>\n","protected":false},"featured_media":160,"template":"","meta":[],"product_brand":[],"product_cat":[34],"product_tag":[],"class_list":{"0":"post-43","1":"product","2":"type-product","3":"status-publish","4":"has-post-thumbnail","6":"product_cat-paquetes","8":"first","9":"outofstock","10":"sale","11":"sold-individually","12":"shipping-taxable","13":"purchasable","14":"product-type-simple"},"yoast_head":"<!-- This site is optimized with the Yoast SEO plugin v25.4 - https:\/\/yoast.com\/wordpress\/plugins\/seo\/ -->\n<title>Paquete 1 Saundersii 4in, 1 Horombense 3in y 1 Baronii 3in + Regalo<\/title>\n<meta name=\"description\" content=\"Ll\u00e9vate este incre\u00edble paquete de Pachypodium con diferentes variedades. Haz crecer tu colecci\u00f3n a un precio rebajado. Ver oferta aqu\u00ed.\" \/>\n<meta name=\"robots\" content=\"noindex, follow\" \/>\n<meta property=\"og:locale\" content=\"es_ES\" \/>\n<meta property=\"og:type\" content=\"article\" \/>\n<meta property=\"og:title\" content=\"Paquete 1 Saundersii 4in, 1 Horombense 3in y 1 Baronii 3in + Regalo\" \/>\n<meta property=\"og:description\" content=\"Ll\u00e9vate este incre\u00edble paquete de Pachypodium con diferentes variedades. Haz crecer tu colecci\u00f3n a un precio rebajado. Ver oferta aqu\u00ed.\" \/>\n<meta property=\"og:url\" content=\"https:\/\/mundomagnoliophyta.com\/tienda\/paquetes\/paquete-pachypodium-2080\/\" \/>\n<meta property=\"og:site_name\" content=\"Tienda Vivero Magnoliophyta\" \/>\n<meta property=\"article:modified_time\" content=\"2023-07-29T12:18:31+00:00\" \/>\n<meta property=\"og:image\" content=\"https:\/\/mundomagnoliophyta.com\/tienda\/wp-content\/uploads\/2023\/07\/Paquete-Pachys-Mini-04-04.jpg\" \/>\n\t<meta property=\"og:image:width\" content=\"2324\" \/>\n\t<meta property=\"og:image:height\" content=\"1828\" \/>\n\t<meta property=\"og:image:type\" content=\"image\/jpeg\" \/>\n<meta name=\"twitter:card\" content=\"summary_large_image\" \/>\n<meta name=\"twitter:label1\" content=\"Tiempo de lectura\" \/>\n\t<meta name=\"twitter:data1\" content=\"2 minutos\" \/>\n<script type=\"application\/ld+json\" class=\"yoast-schema-graph\">{\"@context\":\"https:\/\/schema.org\",\"@graph\":[{\"@type\":\"WebPage\",\"@id\":\"https:\/\/mundomagnoliophyta.com\/tienda\/paquetes\/paquete-pachypodium-2080\/\",\"url\":\"https:\/\/mundomagnoliophyta.com\/tienda\/paquetes\/paquete-pachypodium-2080\/\",\"name\":\"Paquete 1 Saundersii 4in, 1 Horombense 3in y 1 Baronii 3in + Regalo\",\"isPartOf\":{\"@id\":\"https:\/\/mundomagnoliophyta.com\/tienda\/#website\"},\"primaryImageOfPage\":{\"@id\":\"https:\/\/mundomagnoliophyta.com\/tienda\/paquetes\/paquete-pachypodium-2080\/#primaryimage\"},\"image\":{\"@id\":\"https:\/\/mundomagnoliophyta.com\/tienda\/paquetes\/paquete-pachypodium-2080\/#primaryimage\"},\"thumbnailUrl\":\"https:\/\/mundomagnoliophyta.com\/tienda\/wp-content\/uploads\/2023\/07\/Paquete-Pachys-Mini-04-04.jpg\",\"datePublished\":\"2023-07-28T06:31:11+00:00\",\"dateModified\":\"2023-07-29T12:18:31+00:00\",\"description\":\"Ll\u00e9vate este incre\u00edble paquete de Pachypodium con diferentes variedades. Haz crecer tu colecci\u00f3n a un precio rebajado. Ver oferta aqu\u00ed.\",\"breadcrumb\":{\"@id\":\"https:\/\/mundomagnoliophyta.com\/tienda\/paquetes\/paquete-pachypodium-2080\/#breadcrumb\"},\"inLanguage\":\"es\",\"potentialAction\":[{\"@type\":\"ReadAction\",\"target\":[\"https:\/\/mundomagnoliophyta.com\/tienda\/paquetes\/paquete-pachypodium-2080\/\"]}]},{\"@type\":\"ImageObject\",\"inLanguage\":\"es\",\"@id\":\"https:\/\/mundomagnoliophyta.com\/tienda\/paquetes\/paquete-pachypodium-2080\/#primaryimage\",\"url\":\"https:\/\/mundomagnoliophyta.com\/tienda\/wp-content\/uploads\/2023\/07\/Paquete-Pachys-Mini-04-04.jpg\",\"contentUrl\":\"https:\/\/mundomagnoliophyta.com\/tienda\/wp-content\/uploads\/2023\/07\/Paquete-Pachys-Mini-04-04.jpg\",\"width\":2324,\"height\":1828},{\"@type\":\"BreadcrumbList\",\"@id\":\"https:\/\/mundomagnoliophyta.com\/tienda\/paquetes\/paquete-pachypodium-2080\/#breadcrumb\",\"itemListElement\":[{\"@type\":\"ListItem\",\"position\":1,\"name\":\"Portada\",\"item\":\"https:\/\/mundomagnoliophyta.com\/tienda\/\"},{\"@type\":\"ListItem\",\"position\":2,\"name\":\"Tienda\",\"item\":\"https:\/\/mundomagnoliophyta.com\/tienda\/tienda\/\"},{\"@type\":\"ListItem\",\"position\":3,\"name\":\"Paquete 1 Saundersii 4in, 1 Horombense 3in y 1 Baronii 3in + Regalo\"}]},{\"@type\":\"WebSite\",\"@id\":\"https:\/\/mundomagnoliophyta.com\/tienda\/#website\",\"url\":\"https:\/\/mundomagnoliophyta.com\/tienda\/\",\"name\":\"Tienda Vivero Magnoliophyta\",\"description\":\"Tienda de Pachypodium, Echeveria Laui, Grusonii y Adenium\",\"publisher\":{\"@id\":\"https:\/\/mundomagnoliophyta.com\/tienda\/#organization\"},\"potentialAction\":[{\"@type\":\"SearchAction\",\"target\":{\"@type\":\"EntryPoint\",\"urlTemplate\":\"https:\/\/mundomagnoliophyta.com\/tienda\/?s={search_term_string}\"},\"query-input\":{\"@type\":\"PropertyValueSpecification\",\"valueRequired\":true,\"valueName\":\"search_term_string\"}}],\"inLanguage\":\"es\"},{\"@type\":\"Organization\",\"@id\":\"https:\/\/mundomagnoliophyta.com\/tienda\/#organization\",\"name\":\"Tienda Vivero Magnoliophyta\",\"url\":\"https:\/\/mundomagnoliophyta.com\/tienda\/\",\"logo\":{\"@type\":\"ImageObject\",\"inLanguage\":\"es\",\"@id\":\"https:\/\/mundomagnoliophyta.com\/tienda\/#\/schema\/logo\/image\/\",\"url\":\"https:\/\/mundomagnoliophyta.com\/tienda\/wp-content\/uploads\/2023\/07\/Logo-Magnoliophyta-web.png\",\"contentUrl\":\"https:\/\/mundomagnoliophyta.com\/tienda\/wp-content\/uploads\/2023\/07\/Logo-Magnoliophyta-web.png\",\"width\":331,\"height\":71,\"caption\":\"Tienda Vivero Magnoliophyta\"},\"image\":{\"@id\":\"https:\/\/mundomagnoliophyta.com\/tienda\/#\/schema\/logo\/image\/\"}}]}<\/script>\n<!-- \/ Yoast SEO plugin. -->","yoast_head_json":{"title":"Paquete 1 Saundersii 4in, 1 Horombense 3in y 1 Baronii 3in + Regalo","description":"Ll\u00e9vate este incre\u00edble paquete de Pachypodium con diferentes variedades. Haz crecer tu colecci\u00f3n a un precio rebajado. Ver oferta aqu\u00ed.","robots":{"index":"noindex","follow":"follow"},"og_locale":"es_ES","og_type":"article","og_title":"Paquete 1 Saundersii 4in, 1 Horombense 3in y 1 Baronii 3in + Regalo","og_description":"Ll\u00e9vate este incre\u00edble paquete de Pachypodium con diferentes variedades. Haz crecer tu colecci\u00f3n a un precio rebajado. Ver oferta aqu\u00ed.","og_url":"https:\/\/mundomagnoliophyta.com\/tienda\/paquetes\/paquete-pachypodium-2080\/","og_site_name":"Tienda Vivero Magnoliophyta","article_modified_time":"2023-07-29T12:18:31+00:00","og_image":[{"width":2324,"height":1828,"url":"https:\/\/mundomagnoliophyta.com\/tienda\/wp-content\/uploads\/2023\/07\/Paquete-Pachys-Mini-04-04.jpg","type":"image\/jpeg"}],"twitter_card":"summary_large_image","twitter_misc":{"Tiempo de lectura":"2 minutos"},"schema":{"@context":"https:\/\/schema.org","@graph":[{"@type":"WebPage","@id":"https:\/\/mundomagnoliophyta.com\/tienda\/paquetes\/paquete-pachypodium-2080\/","url":"https:\/\/mundomagnoliophyta.com\/tienda\/paquetes\/paquete-pachypodium-2080\/","name":"Paquete 1 Saundersii 4in, 1 Horombense 3in y 1 Baronii 3in + Regalo","isPartOf":{"@id":"https:\/\/mundomagnoliophyta.com\/tienda\/#website"},"primaryImageOfPage":{"@id":"https:\/\/mundomagnoliophyta.com\/tienda\/paquetes\/paquete-pachypodium-2080\/#primaryimage"},"image":{"@id":"https:\/\/mundomagnoliophyta.com\/tienda\/paquetes\/paquete-pachypodium-2080\/#primaryimage"},"thumbnailUrl":"https:\/\/mundomagnoliophyta.com\/tienda\/wp-content\/uploads\/2023\/07\/Paquete-Pachys-Mini-04-04.jpg","datePublished":"2023-07-28T06:31:11+00:00","dateModified":"2023-07-29T12:18:31+00:00","description":"Ll\u00e9vate este incre\u00edble paquete de Pachypodium con diferentes variedades. Haz crecer tu colecci\u00f3n a un precio rebajado. Ver oferta aqu\u00ed.","breadcrumb":{"@id":"https:\/\/mundomagnoliophyta.com\/tienda\/paquetes\/paquete-pachypodium-2080\/#breadcrumb"},"inLanguage":"es","potentialAction":[{"@type":"ReadAction","target":["https:\/\/mundomagnoliophyta.com\/tienda\/paquetes\/paquete-pachypodium-2080\/"]}]},{"@type":"ImageObject","inLanguage":"es","@id":"https:\/\/mundomagnoliophyta.com\/tienda\/paquetes\/paquete-pachypodium-2080\/#primaryimage","url":"https:\/\/mundomagnoliophyta.com\/tienda\/wp-content\/uploads\/2023\/07\/Paquete-Pachys-Mini-04-04.jpg","contentUrl":"https:\/\/mundomagnoliophyta.com\/tienda\/wp-content\/uploads\/2023\/07\/Paquete-Pachys-Mini-04-04.jpg","width":2324,"height":1828},{"@type":"BreadcrumbList","@id":"https:\/\/mundomagnoliophyta.com\/tienda\/paquetes\/paquete-pachypodium-2080\/#breadcrumb","itemListElement":[{"@type":"ListItem","position":1,"name":"Portada","item":"https:\/\/mundomagnoliophyta.com\/tienda\/"},{"@type":"ListItem","position":2,"name":"Tienda","item":"https:\/\/mundomagnoliophyta.com\/tienda\/tienda\/"},{"@type":"ListItem","position":3,"name":"Paquete 1 Saundersii 4in, 1 Horombense 3in y 1 Baronii 3in + Regalo"}]},{"@type":"WebSite","@id":"https:\/\/mundomagnoliophyta.com\/tienda\/#website","url":"https:\/\/mundomagnoliophyta.com\/tienda\/","name":"Tienda Vivero Magnoliophyta","description":"Tienda de Pachypodium, Echeveria Laui, Grusonii y Adenium","publisher":{"@id":"https:\/\/mundomagnoliophyta.com\/tienda\/#organization"},"potentialAction":[{"@type":"SearchAction","target":{"@type":"EntryPoint","urlTemplate":"https:\/\/mundomagnoliophyta.com\/tienda\/?s={search_term_string}"},"query-input":{"@type":"PropertyValueSpecification","valueRequired":true,"valueName":"search_term_string"}}],"inLanguage":"es"},{"@type":"Organization","@id":"https:\/\/mundomagnoliophyta.com\/tienda\/#organization","name":"Tienda Vivero Magnoliophyta","url":"https:\/\/mundomagnoliophyta.com\/tienda\/","logo":{"@type":"ImageObject","inLanguage":"es","@id":"https:\/\/mundomagnoliophyta.com\/tienda\/#\/schema\/logo\/image\/","url":"https:\/\/mundomagnoliophyta.com\/tienda\/wp-content\/uploads\/2023\/07\/Logo-Magnoliophyta-web.png","contentUrl":"https:\/\/mundomagnoliophyta.com\/tienda\/wp-content\/uploads\/2023\/07\/Logo-Magnoliophyta-web.png","width":331,"height":71,"caption":"Tienda Vivero Magnoliophyta"},"image":{"@id":"https:\/\/mundomagnoliophyta.com\/tienda\/#\/schema\/logo\/image\/"}}]}},"_links":{"self":[{"href":"https:\/\/mundomagnoliophyta.com\/tienda\/wp-json\/wp\/v2\/product\/43","targetHints":{"allow":["GET"]}}],"collection":[{"href":"https:\/\/mundomagnoliophyta.com\/tienda\/wp-json\/wp\/v2\/product"}],"about":[{"href":"https:\/\/mundomagnoliophyta.com\/tienda\/wp-json\/wp\/v2\/types\/product"}],"wp:featuredmedia":[{"embeddable":true,"href":"https:\/\/mundomagnoliophyta.com\/tienda\/wp-json\/wp\/v2\/media\/160"}],"wp:attachment":[{"href":"https:\/\/mundomagnoliophyta.com\/tienda\/wp-json\/wp\/v2\/media?parent=43"}],"wp:term":[{"taxonomy":"product_brand","embeddable":true,"href":"https:\/\/mundomagnoliophyta.com\/tienda\/wp-json\/wp\/v2\/product_brand?post=43"},{"taxonomy":"product_cat","embeddable":true,"href":"https:\/\/mundomagnoliophyta.com\/tienda\/wp-json\/wp\/v2\/product_cat?post=43"},{"taxonomy":"product_tag","embeddable":true,"href":"https:\/\/mundomagnoliophyta.com\/tienda\/wp-json\/wp\/v2\/product_tag?post=43"}],"curies":[{"name":"wp","href":"https:\/\/api.w.org\/{rel}","templated":true}]}}