{"id":25,"date":"2023-07-28T06:31:08","date_gmt":"2023-07-28T06:31:08","guid":{"rendered":"https:\/\/mundomagnoliophyta.com\/tienda\/?post_type=product&#038;p=25"},"modified":"2023-07-29T06:32:26","modified_gmt":"2023-07-29T12:32:26","slug":"maceta-de-barro-artesanal-3-4-pulgadas","status":"publish","type":"product","link":"https:\/\/mundomagnoliophyta.com\/tienda\/macetas-barro\/maceta-barro-2009\/","title":{"rendered":"Maceta de barro artesanal 3.4 pulgadas"},"content":{"rendered":"<p>Maceta de barro artesanal 3.4 pulgadas. Ideal para cactus, suculentas y cualquier otra planta de ornato. Haz relucir a tu planta con esta colorida maceta de barro.<\/p>\n<p><!--more--><\/p>\n<p><strong>Nota:<\/strong> Esta maceta se fabrica posteriormente a tu comprar. El tiempo de env\u00edo posterior a tu compra es de 5 d\u00edas h\u00e1biles. Transcurrido ese tiempo tu producto se env\u00eda.<\/p>\n<p>Utilizar macetas de barro artesanal para el cultivo y mantenci\u00f3n de tus plantas de ornato desencadena muchos beneficios como los siguientes:<\/p>\n<ul>\n<li>Cuidado del medio ambiente.<\/li>\n<li>Impulsas la econom\u00eda de miles de artesanos.<\/li>\n<li>Mantienes el ecosistema sin pl\u00e1stico.<\/li>\n<li>Propicia el adecuado crecimiento de especies de plantas.<\/li>\n<\/ul>\n<p>Cada maceta artesanal de barro es \u00fanica. No encontrar\u00e1s otra maceta igual, s\u00f3lo macetas semejantes. Esto debido a que cada una de ellas es una creaci\u00f3n \u00fanica por las manos de un artesano. Desde la forma de la maceta hasta los detalles de la decoraci\u00f3n.<\/p>\n<h2>Caracter\u00edsticas de la Maceta de Barro artesanal 3.4 Pulgadas.<\/h2>\n<ul>\n<li>Material: Barro.<\/li>\n<li>Di\u00e1metro de la boca: 8.6cm.<\/li>\n<li>Di\u00e1metro total: 10.4cm.<\/li>\n<li>Altura total: 9.6cm.<\/li>\n<\/ul>\n<p>&nbsp;<\/p>\n<p>Esta maceta de barro tambi\u00e9n la puedes decorar t\u00fa mismo. Es una maceta reci\u00e9n salida del horno, sin ning\u00fan tratamiento adicional mas que el de su fabricaci\u00f3n. \u00bfDeseas decorar tus propias macetas? Adquiere esta maceta de barro si tu intensi\u00f3n es darles un toque especial a tus propias creaciones.<\/p>\n<p>Si deseas vender tus propias macetas decoradas, esta maceta te puede servir para que t\u00fa mismo la decores y posteriormente la puedes vender.<\/p>\n<p>Esta maceta de barro la puedes barnizar o pintar de acuerdo a tus gustos, haciendo incre\u00edbles macetas decoradas con tu propio estilo tan \u00fanico y espectacular como t\u00fa lo desees.<\/p>\n<p><strong>\u00bfDeseas comprar maceta de barro artesanal por mayoreo?\u00a0<\/strong><\/p>\n<p>Los precios de Mayoreo de estas macetas est\u00e1n disponibles si as\u00ed lo deseas. Tenemos precio de mayoreo y env\u00edos a toda la rep\u00fablica mexicana y cualquier parte del mundo.<\/p>\n<p>Los precios de mayoreo de esta maceta aplica para la compra de 20 piezas en adelante. Dependiendo de la cantidad que deseas adquirir ser\u00e1 el precio que puedes obtener. Si deseas comprar macetas de barro artesanal por mayoreo entra en contacto con nosotros <a href=\"https:\/\/mundomagnoliophyta.com\/contacto\/\">aqu\u00ed<\/a> y resuelve tus dudas.<\/p>\n<p>&nbsp;<\/p>\n<h2>\u00bfTienes dudas?<\/h2>\n<p>[wpforms id=\u00bb3788&#8243; title=\u00bbfalse\u00bb description=\u00bbtrue\u00bb]<\/p>\n<p>Descubre m\u00e1s\u00a0<a href=\"https:\/\/mundomagnoliophyta.com\/categoria-producto\/venta-de-macetas-de-barro\/\">macetas de barro artesanal aqu\u00ed.<\/a><\/p>\n","protected":false},"excerpt":{"rendered":"<ul>\n<li style=\"color: #2e9b03;\">Compra segura y protegida con SSL.<\/li>\n<li style=\"color: #2e9b03;\">Paga en OXXO, con Tarjeta o Transferencia.<\/li>\n<li style=\"color: #2e9b03;\">Recibe el producto que esperas o te devolvemos tu dinero.<\/li>\n<\/ul>\n","protected":false},"featured_media":88,"template":"","meta":[],"product_brand":[],"product_cat":[24],"product_tag":[25,26],"class_list":{"0":"post-25","1":"product","2":"type-product","3":"status-publish","4":"has-post-thumbnail","6":"product_cat-macetas-barro","7":"product_tag-maceta-de-barro-artesanal","8":"product_tag-macetas-para-cactus","10":"first","11":"outofstock","12":"shipping-taxable","13":"purchasable","14":"product-type-simple"},"yoast_head":"<!-- This site is optimized with the Yoast SEO plugin v25.4 - https:\/\/yoast.com\/wordpress\/plugins\/seo\/ -->\n<title>Maceta de barro artesanal 3.4 pulgadas - Tienda Vivero Magnoliophyta<\/title>\n<meta name=\"description\" content=\"Maceta de barro artesanal 3.4 pulgadas. Ideal para cactus, suculentas y cualquier otra planta de ornato. Entra y descubre macetas de barro.\" \/>\n<meta name=\"robots\" content=\"noindex, nofollow\" \/>\n<meta property=\"og:locale\" content=\"es_ES\" \/>\n<meta property=\"og:type\" content=\"article\" \/>\n<meta property=\"og:title\" content=\"Maceta de barro artesanal 3.4 pulgadas - Tienda Vivero Magnoliophyta\" \/>\n<meta property=\"og:description\" content=\"Maceta de barro artesanal 3.4 pulgadas. Ideal para cactus, suculentas y cualquier otra planta de ornato. Entra y descubre macetas de barro.\" \/>\n<meta property=\"og:url\" content=\"https:\/\/mundomagnoliophyta.com\/tienda\/macetas-barro\/maceta-barro-2009\/\" \/>\n<meta property=\"og:site_name\" content=\"Tienda Vivero Magnoliophyta\" \/>\n<meta property=\"article:modified_time\" content=\"2023-07-29T12:32:26+00:00\" \/>\n<meta property=\"og:image\" content=\"https:\/\/mundomagnoliophyta.com\/tienda\/wp-content\/uploads\/2023\/07\/MAceta-3.4-pulgadas-1-11-scaled-1.jpg\" \/>\n\t<meta property=\"og:image:width\" content=\"2560\" \/>\n\t<meta property=\"og:image:height\" content=\"1899\" \/>\n\t<meta property=\"og:image:type\" content=\"image\/jpeg\" \/>\n<meta name=\"twitter:card\" content=\"summary_large_image\" \/>\n<meta name=\"twitter:label1\" content=\"Tiempo de lectura\" \/>\n\t<meta name=\"twitter:data1\" content=\"2 minutos\" \/>\n<script type=\"application\/ld+json\" class=\"yoast-schema-graph\">{\"@context\":\"https:\/\/schema.org\",\"@graph\":[{\"@type\":\"WebPage\",\"@id\":\"https:\/\/mundomagnoliophyta.com\/tienda\/macetas-barro\/maceta-barro-2009\/\",\"url\":\"https:\/\/mundomagnoliophyta.com\/tienda\/macetas-barro\/maceta-barro-2009\/\",\"name\":\"Maceta de barro artesanal 3.4 pulgadas - Tienda Vivero Magnoliophyta\",\"isPartOf\":{\"@id\":\"https:\/\/mundomagnoliophyta.com\/tienda\/#website\"},\"primaryImageOfPage\":{\"@id\":\"https:\/\/mundomagnoliophyta.com\/tienda\/macetas-barro\/maceta-barro-2009\/#primaryimage\"},\"image\":{\"@id\":\"https:\/\/mundomagnoliophyta.com\/tienda\/macetas-barro\/maceta-barro-2009\/#primaryimage\"},\"thumbnailUrl\":\"https:\/\/mundomagnoliophyta.com\/tienda\/wp-content\/uploads\/2023\/07\/MAceta-3.4-pulgadas-1-11-scaled-1.jpg\",\"datePublished\":\"2023-07-28T06:31:08+00:00\",\"dateModified\":\"2023-07-29T12:32:26+00:00\",\"description\":\"Maceta de barro artesanal 3.4 pulgadas. Ideal para cactus, suculentas y cualquier otra planta de ornato. Entra y descubre macetas de barro.\",\"breadcrumb\":{\"@id\":\"https:\/\/mundomagnoliophyta.com\/tienda\/macetas-barro\/maceta-barro-2009\/#breadcrumb\"},\"inLanguage\":\"es\",\"potentialAction\":[{\"@type\":\"ReadAction\",\"target\":[\"https:\/\/mundomagnoliophyta.com\/tienda\/macetas-barro\/maceta-barro-2009\/\"]}]},{\"@type\":\"ImageObject\",\"inLanguage\":\"es\",\"@id\":\"https:\/\/mundomagnoliophyta.com\/tienda\/macetas-barro\/maceta-barro-2009\/#primaryimage\",\"url\":\"https:\/\/mundomagnoliophyta.com\/tienda\/wp-content\/uploads\/2023\/07\/MAceta-3.4-pulgadas-1-11-scaled-1.jpg\",\"contentUrl\":\"https:\/\/mundomagnoliophyta.com\/tienda\/wp-content\/uploads\/2023\/07\/MAceta-3.4-pulgadas-1-11-scaled-1.jpg\",\"width\":2560,\"height\":1899},{\"@type\":\"BreadcrumbList\",\"@id\":\"https:\/\/mundomagnoliophyta.com\/tienda\/macetas-barro\/maceta-barro-2009\/#breadcrumb\",\"itemListElement\":[{\"@type\":\"ListItem\",\"position\":1,\"name\":\"Portada\",\"item\":\"https:\/\/mundomagnoliophyta.com\/tienda\/\"},{\"@type\":\"ListItem\",\"position\":2,\"name\":\"Tienda\",\"item\":\"https:\/\/mundomagnoliophyta.com\/tienda\/tienda\/\"},{\"@type\":\"ListItem\",\"position\":3,\"name\":\"Maceta de barro artesanal 3.4 pulgadas\"}]},{\"@type\":\"WebSite\",\"@id\":\"https:\/\/mundomagnoliophyta.com\/tienda\/#website\",\"url\":\"https:\/\/mundomagnoliophyta.com\/tienda\/\",\"name\":\"Tienda Vivero Magnoliophyta\",\"description\":\"Tienda de Pachypodium, Echeveria Laui, Grusonii y Adenium\",\"publisher\":{\"@id\":\"https:\/\/mundomagnoliophyta.com\/tienda\/#organization\"},\"potentialAction\":[{\"@type\":\"SearchAction\",\"target\":{\"@type\":\"EntryPoint\",\"urlTemplate\":\"https:\/\/mundomagnoliophyta.com\/tienda\/?s={search_term_string}\"},\"query-input\":{\"@type\":\"PropertyValueSpecification\",\"valueRequired\":true,\"valueName\":\"search_term_string\"}}],\"inLanguage\":\"es\"},{\"@type\":\"Organization\",\"@id\":\"https:\/\/mundomagnoliophyta.com\/tienda\/#organization\",\"name\":\"Tienda Vivero Magnoliophyta\",\"url\":\"https:\/\/mundomagnoliophyta.com\/tienda\/\",\"logo\":{\"@type\":\"ImageObject\",\"inLanguage\":\"es\",\"@id\":\"https:\/\/mundomagnoliophyta.com\/tienda\/#\/schema\/logo\/image\/\",\"url\":\"https:\/\/mundomagnoliophyta.com\/tienda\/wp-content\/uploads\/2023\/07\/Logo-Magnoliophyta-web.png\",\"contentUrl\":\"https:\/\/mundomagnoliophyta.com\/tienda\/wp-content\/uploads\/2023\/07\/Logo-Magnoliophyta-web.png\",\"width\":331,\"height\":71,\"caption\":\"Tienda Vivero Magnoliophyta\"},\"image\":{\"@id\":\"https:\/\/mundomagnoliophyta.com\/tienda\/#\/schema\/logo\/image\/\"}}]}<\/script>\n<!-- \/ Yoast SEO plugin. -->","yoast_head_json":{"title":"Maceta de barro artesanal 3.4 pulgadas - Tienda Vivero Magnoliophyta","description":"Maceta de barro artesanal 3.4 pulgadas. Ideal para cactus, suculentas y cualquier otra planta de ornato. Entra y descubre macetas de barro.","robots":{"index":"noindex","follow":"nofollow"},"og_locale":"es_ES","og_type":"article","og_title":"Maceta de barro artesanal 3.4 pulgadas - Tienda Vivero Magnoliophyta","og_description":"Maceta de barro artesanal 3.4 pulgadas. Ideal para cactus, suculentas y cualquier otra planta de ornato. Entra y descubre macetas de barro.","og_url":"https:\/\/mundomagnoliophyta.com\/tienda\/macetas-barro\/maceta-barro-2009\/","og_site_name":"Tienda Vivero Magnoliophyta","article_modified_time":"2023-07-29T12:32:26+00:00","og_image":[{"width":2560,"height":1899,"url":"https:\/\/mundomagnoliophyta.com\/tienda\/wp-content\/uploads\/2023\/07\/MAceta-3.4-pulgadas-1-11-scaled-1.jpg","type":"image\/jpeg"}],"twitter_card":"summary_large_image","twitter_misc":{"Tiempo de lectura":"2 minutos"},"schema":{"@context":"https:\/\/schema.org","@graph":[{"@type":"WebPage","@id":"https:\/\/mundomagnoliophyta.com\/tienda\/macetas-barro\/maceta-barro-2009\/","url":"https:\/\/mundomagnoliophyta.com\/tienda\/macetas-barro\/maceta-barro-2009\/","name":"Maceta de barro artesanal 3.4 pulgadas - Tienda Vivero Magnoliophyta","isPartOf":{"@id":"https:\/\/mundomagnoliophyta.com\/tienda\/#website"},"primaryImageOfPage":{"@id":"https:\/\/mundomagnoliophyta.com\/tienda\/macetas-barro\/maceta-barro-2009\/#primaryimage"},"image":{"@id":"https:\/\/mundomagnoliophyta.com\/tienda\/macetas-barro\/maceta-barro-2009\/#primaryimage"},"thumbnailUrl":"https:\/\/mundomagnoliophyta.com\/tienda\/wp-content\/uploads\/2023\/07\/MAceta-3.4-pulgadas-1-11-scaled-1.jpg","datePublished":"2023-07-28T06:31:08+00:00","dateModified":"2023-07-29T12:32:26+00:00","description":"Maceta de barro artesanal 3.4 pulgadas. Ideal para cactus, suculentas y cualquier otra planta de ornato. Entra y descubre macetas de barro.","breadcrumb":{"@id":"https:\/\/mundomagnoliophyta.com\/tienda\/macetas-barro\/maceta-barro-2009\/#breadcrumb"},"inLanguage":"es","potentialAction":[{"@type":"ReadAction","target":["https:\/\/mundomagnoliophyta.com\/tienda\/macetas-barro\/maceta-barro-2009\/"]}]},{"@type":"ImageObject","inLanguage":"es","@id":"https:\/\/mundomagnoliophyta.com\/tienda\/macetas-barro\/maceta-barro-2009\/#primaryimage","url":"https:\/\/mundomagnoliophyta.com\/tienda\/wp-content\/uploads\/2023\/07\/MAceta-3.4-pulgadas-1-11-scaled-1.jpg","contentUrl":"https:\/\/mundomagnoliophyta.com\/tienda\/wp-content\/uploads\/2023\/07\/MAceta-3.4-pulgadas-1-11-scaled-1.jpg","width":2560,"height":1899},{"@type":"BreadcrumbList","@id":"https:\/\/mundomagnoliophyta.com\/tienda\/macetas-barro\/maceta-barro-2009\/#breadcrumb","itemListElement":[{"@type":"ListItem","position":1,"name":"Portada","item":"https:\/\/mundomagnoliophyta.com\/tienda\/"},{"@type":"ListItem","position":2,"name":"Tienda","item":"https:\/\/mundomagnoliophyta.com\/tienda\/tienda\/"},{"@type":"ListItem","position":3,"name":"Maceta de barro artesanal 3.4 pulgadas"}]},{"@type":"WebSite","@id":"https:\/\/mundomagnoliophyta.com\/tienda\/#website","url":"https:\/\/mundomagnoliophyta.com\/tienda\/","name":"Tienda Vivero Magnoliophyta","description":"Tienda de Pachypodium, Echeveria Laui, Grusonii y Adenium","publisher":{"@id":"https:\/\/mundomagnoliophyta.com\/tienda\/#organization"},"potentialAction":[{"@type":"SearchAction","target":{"@type":"EntryPoint","urlTemplate":"https:\/\/mundomagnoliophyta.com\/tienda\/?s={search_term_string}"},"query-input":{"@type":"PropertyValueSpecification","valueRequired":true,"valueName":"search_term_string"}}],"inLanguage":"es"},{"@type":"Organization","@id":"https:\/\/mundomagnoliophyta.com\/tienda\/#organization","name":"Tienda Vivero Magnoliophyta","url":"https:\/\/mundomagnoliophyta.com\/tienda\/","logo":{"@type":"ImageObject","inLanguage":"es","@id":"https:\/\/mundomagnoliophyta.com\/tienda\/#\/schema\/logo\/image\/","url":"https:\/\/mundomagnoliophyta.com\/tienda\/wp-content\/uploads\/2023\/07\/Logo-Magnoliophyta-web.png","contentUrl":"https:\/\/mundomagnoliophyta.com\/tienda\/wp-content\/uploads\/2023\/07\/Logo-Magnoliophyta-web.png","width":331,"height":71,"caption":"Tienda Vivero Magnoliophyta"},"image":{"@id":"https:\/\/mundomagnoliophyta.com\/tienda\/#\/schema\/logo\/image\/"}}]}},"_links":{"self":[{"href":"https:\/\/mundomagnoliophyta.com\/tienda\/wp-json\/wp\/v2\/product\/25","targetHints":{"allow":["GET"]}}],"collection":[{"href":"https:\/\/mundomagnoliophyta.com\/tienda\/wp-json\/wp\/v2\/product"}],"about":[{"href":"https:\/\/mundomagnoliophyta.com\/tienda\/wp-json\/wp\/v2\/types\/product"}],"wp:featuredmedia":[{"embeddable":true,"href":"https:\/\/mundomagnoliophyta.com\/tienda\/wp-json\/wp\/v2\/media\/88"}],"wp:attachment":[{"href":"https:\/\/mundomagnoliophyta.com\/tienda\/wp-json\/wp\/v2\/media?parent=25"}],"wp:term":[{"taxonomy":"product_brand","embeddable":true,"href":"https:\/\/mundomagnoliophyta.com\/tienda\/wp-json\/wp\/v2\/product_brand?post=25"},{"taxonomy":"product_cat","embeddable":true,"href":"https:\/\/mundomagnoliophyta.com\/tienda\/wp-json\/wp\/v2\/product_cat?post=25"},{"taxonomy":"product_tag","embeddable":true,"href":"https:\/\/mundomagnoliophyta.com\/tienda\/wp-json\/wp\/v2\/product_tag?post=25"}],"curies":[{"name":"wp","href":"https:\/\/api.w.org\/{rel}","templated":true}]}}