{"id":23,"date":"2023-07-28T06:31:08","date_gmt":"2023-07-28T06:31:08","guid":{"rendered":"https:\/\/mundomagnoliophyta.com\/tienda\/?post_type=product&#038;p=23"},"modified":"2023-07-29T06:31:19","modified_gmt":"2023-07-29T12:31:19","slug":"maceta-de-barro-artesanal-10-5-pulgadas","status":"publish","type":"product","link":"https:\/\/mundomagnoliophyta.com\/tienda\/macetas-barro\/maceta-barro-2007\/","title":{"rendered":"Maceta de barro artesanal 10.5 Pulgadas."},"content":{"rendered":"<p>Maceta de barro artesanal 10.5 pulgadas. Ideal para cactus, suculentas y cualquier otra planta de ornato. Haz relucir a tu planta con esta colorida maceta de barro.<\/p>\n<p>Utilizar macetas de barro artesanal para el cultivo y mantenci\u00f3n de tus plantas de ornato desencadena muchos beneficios como los siguientes:<\/p>\n<ul>\n<li>Cuidado del medio ambiente.<\/li>\n<li>Impulsas la econom\u00eda de miles de artesanos.<\/li>\n<li>Mantienes el ecosistema sin pl\u00e1stico.<\/li>\n<li>Propicia el adecuado crecimiento de especies de plantas.<\/li>\n<\/ul>\n<p>Cada maceta artesanal de barro es \u00fanica. No encontrar\u00e1s otra maceta igual, s\u00f3lo macetas semejantes. Esto debido a que cada una de ellas es una creaci\u00f3n \u00fanica por las manos de un artesano. Desde la forma de la maceta hasta los detalles de la decoraci\u00f3n.<\/p>\n<h2>Caracter\u00edsticas de la Maceta de Barro artesanal 10.5 Pulgadas.<\/h2>\n<ul>\n<li>Material: Barro.<\/li>\n<li>Di\u00e1metro de la boca (exterior): 10.5&#8243;.<\/li>\n<li>Di\u00e1metro de la boca (interior): 8.25&#8243;<\/li>\n<li>Di\u00e1metro de la base: 9.75&#8243;.<\/li>\n<li>Altura total: 8.75&#8243;.<\/li>\n<li>Altura de las patas: 1.5&#8243;.<\/li>\n<\/ul>\n<p>&nbsp;<\/p>\n<p><a href=\"https:\/\/mundomagnoliophyta.com\/wp-content\/uploads\/2019\/11\/MAceta-de-barro-10.5-pulgadas-02-02.jpg\"><img loading=\"lazy\" decoding=\"async\" class=\"alignnone wp-image-804 size-large\" src=\"https:\/\/mundomagnoliophyta.com\/wp-content\/uploads\/2019\/11\/MAceta-de-barro-10.5-pulgadas-02-02-1024x820.jpg\" alt=\"\" width=\"1024\" height=\"820\" \/><\/a><\/p>\n<p>&nbsp;<\/p>\n<p>&nbsp;<\/p>\n<h2>Video de la Maceta.<\/h2>\n<p>&nbsp;<\/p>\n<p>&nbsp;<\/p>\n<blockquote class=\"embedly-card\">\n<h4><a href=\"https:\/\/youtu.be\/SUix_Vtv9iI\">Maceta de Barro Artesanal 10 pulgadas.<\/a><\/h4>\n<p>Maceta de barro artesanal 10 pulgadas. Ideal para cactus, suculentas y cualquier otra planta de ornato. Haz relucir a tu planta con esta colorida maceta de barro. Utilizar macetas de barro artesanal para el cultivo y mantenci\u00f3n de tus plantas de ornato desencadena muchos beneficios como los siguientes: Cuidado del medio ambiente.<\/p><\/blockquote>\n<p><script async src=\"\/\/cdn.embedly.com\/widgets\/platform.js\" charset=\"UTF-8\"><\/script><\/p>\n<p>&nbsp;<\/p>\n<h2>\u00bfTienes dudas?<\/h2>\n<p>[wpforms id=\u00bb3788&#8243; title=\u00bbfalse\u00bb description=\u00bbtrue\u00bb]<\/p>\n<ul>\n<li style=\"color: #2e9b03;\">Compra segura y protegida con SSL.<\/li>\n<li style=\"color: #2e9b03;\">Paga en OXXO, con Tarjeta o Transferencia.<\/li>\n<li style=\"color: #2e9b03;\">Recibe el producto que esperas o te devolvemos tu dinero.<\/li>\n<\/ul>\n<p>&nbsp;<\/p>\n<p>Descubre m\u00e1s <a href=\"https:\/\/mundomagnoliophyta.com\/categoria-producto\/venta-de-macetas-de-barro\/\">macetas de barro artesanal aqu\u00ed.<\/a><\/p>\n","protected":false},"excerpt":{"rendered":"<ul>\n<li style=\"color: #2e9b03;\">Compra segura y protegida con SSL.<\/li>\n<li style=\"color: #2e9b03;\">Paga en OXXO, con Tarjeta o Transferencia.<\/li>\n<li style=\"color: #2e9b03;\">Recibe el producto que esperas o te devolvemos tu dinero.<\/li>\n<\/ul>\n<div id=\"gtx-trans\" style=\"position: absolute; left: 30px; top: -3px;\">\n<div class=\"gtx-trans-icon\"><\/div>\n<\/div>\n","protected":false},"featured_media":75,"template":"","meta":[],"product_brand":[],"product_cat":[24],"product_tag":[],"class_list":{"0":"post-23","1":"product","2":"type-product","3":"status-publish","4":"has-post-thumbnail","6":"product_cat-macetas-barro","8":"first","9":"outofstock","10":"shipping-taxable","11":"purchasable","12":"product-type-simple"},"yoast_head":"<!-- This site is optimized with the Yoast SEO plugin v25.4 - https:\/\/yoast.com\/wordpress\/plugins\/seo\/ -->\n<title>Maceta de barro artesanal 10.5 Pulgadas. - Tienda Vivero Magnoliophyta<\/title>\n<meta name=\"description\" content=\"Maceta de barro artesanal 10.5 pulgadas. Ideal para cactus, suculentas y cualquier otra planta de ornato. Haz relucir a tu planta con esta colorida maceta.\" \/>\n<meta name=\"robots\" content=\"index, follow, max-snippet:-1, max-image-preview:large, max-video-preview:-1\" \/>\n<link rel=\"canonical\" href=\"https:\/\/mundomagnoliophyta.com\/tienda\/macetas-barro\/maceta-barro-2007\/\" \/>\n<meta property=\"og:locale\" content=\"es_ES\" \/>\n<meta property=\"og:type\" content=\"article\" \/>\n<meta property=\"og:title\" content=\"Maceta de barro artesanal 10.5 Pulgadas. - Tienda Vivero Magnoliophyta\" \/>\n<meta property=\"og:description\" content=\"Maceta de barro artesanal 10.5 pulgadas. Ideal para cactus, suculentas y cualquier otra planta de ornato. Haz relucir a tu planta con esta colorida maceta.\" \/>\n<meta property=\"og:url\" content=\"https:\/\/mundomagnoliophyta.com\/tienda\/macetas-barro\/maceta-barro-2007\/\" \/>\n<meta property=\"og:site_name\" content=\"Tienda Vivero Magnoliophyta\" \/>\n<meta property=\"article:modified_time\" content=\"2023-07-29T12:31:19+00:00\" \/>\n<meta property=\"og:image\" content=\"https:\/\/mundomagnoliophyta.com\/tienda\/wp-content\/uploads\/2023\/07\/IMG_6848-e1573793816992.jpg\" \/>\n\t<meta property=\"og:image:width\" content=\"1835\" \/>\n\t<meta property=\"og:image:height\" content=\"1585\" \/>\n\t<meta property=\"og:image:type\" content=\"image\/jpeg\" \/>\n<meta name=\"twitter:card\" content=\"summary_large_image\" \/>\n<meta name=\"twitter:label1\" content=\"Tiempo de lectura\" \/>\n\t<meta name=\"twitter:data1\" content=\"2 minutos\" \/>\n<script type=\"application\/ld+json\" class=\"yoast-schema-graph\">{\"@context\":\"https:\/\/schema.org\",\"@graph\":[{\"@type\":\"WebPage\",\"@id\":\"https:\/\/mundomagnoliophyta.com\/tienda\/macetas-barro\/maceta-barro-2007\/\",\"url\":\"https:\/\/mundomagnoliophyta.com\/tienda\/macetas-barro\/maceta-barro-2007\/\",\"name\":\"Maceta de barro artesanal 10.5 Pulgadas. - Tienda Vivero Magnoliophyta\",\"isPartOf\":{\"@id\":\"https:\/\/mundomagnoliophyta.com\/tienda\/#website\"},\"primaryImageOfPage\":{\"@id\":\"https:\/\/mundomagnoliophyta.com\/tienda\/macetas-barro\/maceta-barro-2007\/#primaryimage\"},\"image\":{\"@id\":\"https:\/\/mundomagnoliophyta.com\/tienda\/macetas-barro\/maceta-barro-2007\/#primaryimage\"},\"thumbnailUrl\":\"https:\/\/mundomagnoliophyta.com\/tienda\/wp-content\/uploads\/2023\/07\/IMG_6848-e1573793816992.jpg\",\"datePublished\":\"2023-07-28T06:31:08+00:00\",\"dateModified\":\"2023-07-29T12:31:19+00:00\",\"description\":\"Maceta de barro artesanal 10.5 pulgadas. Ideal para cactus, suculentas y cualquier otra planta de ornato. Haz relucir a tu planta con esta colorida maceta.\",\"breadcrumb\":{\"@id\":\"https:\/\/mundomagnoliophyta.com\/tienda\/macetas-barro\/maceta-barro-2007\/#breadcrumb\"},\"inLanguage\":\"es\",\"potentialAction\":[{\"@type\":\"ReadAction\",\"target\":[\"https:\/\/mundomagnoliophyta.com\/tienda\/macetas-barro\/maceta-barro-2007\/\"]}]},{\"@type\":\"ImageObject\",\"inLanguage\":\"es\",\"@id\":\"https:\/\/mundomagnoliophyta.com\/tienda\/macetas-barro\/maceta-barro-2007\/#primaryimage\",\"url\":\"https:\/\/mundomagnoliophyta.com\/tienda\/wp-content\/uploads\/2023\/07\/IMG_6848-e1573793816992.jpg\",\"contentUrl\":\"https:\/\/mundomagnoliophyta.com\/tienda\/wp-content\/uploads\/2023\/07\/IMG_6848-e1573793816992.jpg\",\"width\":1835,\"height\":1585},{\"@type\":\"BreadcrumbList\",\"@id\":\"https:\/\/mundomagnoliophyta.com\/tienda\/macetas-barro\/maceta-barro-2007\/#breadcrumb\",\"itemListElement\":[{\"@type\":\"ListItem\",\"position\":1,\"name\":\"Portada\",\"item\":\"https:\/\/mundomagnoliophyta.com\/tienda\/\"},{\"@type\":\"ListItem\",\"position\":2,\"name\":\"Tienda\",\"item\":\"https:\/\/mundomagnoliophyta.com\/tienda\/tienda\/\"},{\"@type\":\"ListItem\",\"position\":3,\"name\":\"Maceta de barro artesanal 10.5 Pulgadas.\"}]},{\"@type\":\"WebSite\",\"@id\":\"https:\/\/mundomagnoliophyta.com\/tienda\/#website\",\"url\":\"https:\/\/mundomagnoliophyta.com\/tienda\/\",\"name\":\"Tienda Vivero Magnoliophyta\",\"description\":\"Tienda de Pachypodium, Echeveria Laui, Grusonii y Adenium\",\"publisher\":{\"@id\":\"https:\/\/mundomagnoliophyta.com\/tienda\/#organization\"},\"potentialAction\":[{\"@type\":\"SearchAction\",\"target\":{\"@type\":\"EntryPoint\",\"urlTemplate\":\"https:\/\/mundomagnoliophyta.com\/tienda\/?s={search_term_string}\"},\"query-input\":{\"@type\":\"PropertyValueSpecification\",\"valueRequired\":true,\"valueName\":\"search_term_string\"}}],\"inLanguage\":\"es\"},{\"@type\":\"Organization\",\"@id\":\"https:\/\/mundomagnoliophyta.com\/tienda\/#organization\",\"name\":\"Tienda Vivero Magnoliophyta\",\"url\":\"https:\/\/mundomagnoliophyta.com\/tienda\/\",\"logo\":{\"@type\":\"ImageObject\",\"inLanguage\":\"es\",\"@id\":\"https:\/\/mundomagnoliophyta.com\/tienda\/#\/schema\/logo\/image\/\",\"url\":\"https:\/\/mundomagnoliophyta.com\/tienda\/wp-content\/uploads\/2023\/07\/Logo-Magnoliophyta-web.png\",\"contentUrl\":\"https:\/\/mundomagnoliophyta.com\/tienda\/wp-content\/uploads\/2023\/07\/Logo-Magnoliophyta-web.png\",\"width\":331,\"height\":71,\"caption\":\"Tienda Vivero Magnoliophyta\"},\"image\":{\"@id\":\"https:\/\/mundomagnoliophyta.com\/tienda\/#\/schema\/logo\/image\/\"}}]}<\/script>\n<!-- \/ Yoast SEO plugin. -->","yoast_head_json":{"title":"Maceta de barro artesanal 10.5 Pulgadas. - Tienda Vivero Magnoliophyta","description":"Maceta de barro artesanal 10.5 pulgadas. Ideal para cactus, suculentas y cualquier otra planta de ornato. Haz relucir a tu planta con esta colorida maceta.","robots":{"index":"index","follow":"follow","max-snippet":"max-snippet:-1","max-image-preview":"max-image-preview:large","max-video-preview":"max-video-preview:-1"},"canonical":"https:\/\/mundomagnoliophyta.com\/tienda\/macetas-barro\/maceta-barro-2007\/","og_locale":"es_ES","og_type":"article","og_title":"Maceta de barro artesanal 10.5 Pulgadas. - Tienda Vivero Magnoliophyta","og_description":"Maceta de barro artesanal 10.5 pulgadas. Ideal para cactus, suculentas y cualquier otra planta de ornato. Haz relucir a tu planta con esta colorida maceta.","og_url":"https:\/\/mundomagnoliophyta.com\/tienda\/macetas-barro\/maceta-barro-2007\/","og_site_name":"Tienda Vivero Magnoliophyta","article_modified_time":"2023-07-29T12:31:19+00:00","og_image":[{"width":1835,"height":1585,"url":"https:\/\/mundomagnoliophyta.com\/tienda\/wp-content\/uploads\/2023\/07\/IMG_6848-e1573793816992.jpg","type":"image\/jpeg"}],"twitter_card":"summary_large_image","twitter_misc":{"Tiempo de lectura":"2 minutos"},"schema":{"@context":"https:\/\/schema.org","@graph":[{"@type":"WebPage","@id":"https:\/\/mundomagnoliophyta.com\/tienda\/macetas-barro\/maceta-barro-2007\/","url":"https:\/\/mundomagnoliophyta.com\/tienda\/macetas-barro\/maceta-barro-2007\/","name":"Maceta de barro artesanal 10.5 Pulgadas. - Tienda Vivero Magnoliophyta","isPartOf":{"@id":"https:\/\/mundomagnoliophyta.com\/tienda\/#website"},"primaryImageOfPage":{"@id":"https:\/\/mundomagnoliophyta.com\/tienda\/macetas-barro\/maceta-barro-2007\/#primaryimage"},"image":{"@id":"https:\/\/mundomagnoliophyta.com\/tienda\/macetas-barro\/maceta-barro-2007\/#primaryimage"},"thumbnailUrl":"https:\/\/mundomagnoliophyta.com\/tienda\/wp-content\/uploads\/2023\/07\/IMG_6848-e1573793816992.jpg","datePublished":"2023-07-28T06:31:08+00:00","dateModified":"2023-07-29T12:31:19+00:00","description":"Maceta de barro artesanal 10.5 pulgadas. Ideal para cactus, suculentas y cualquier otra planta de ornato. Haz relucir a tu planta con esta colorida maceta.","breadcrumb":{"@id":"https:\/\/mundomagnoliophyta.com\/tienda\/macetas-barro\/maceta-barro-2007\/#breadcrumb"},"inLanguage":"es","potentialAction":[{"@type":"ReadAction","target":["https:\/\/mundomagnoliophyta.com\/tienda\/macetas-barro\/maceta-barro-2007\/"]}]},{"@type":"ImageObject","inLanguage":"es","@id":"https:\/\/mundomagnoliophyta.com\/tienda\/macetas-barro\/maceta-barro-2007\/#primaryimage","url":"https:\/\/mundomagnoliophyta.com\/tienda\/wp-content\/uploads\/2023\/07\/IMG_6848-e1573793816992.jpg","contentUrl":"https:\/\/mundomagnoliophyta.com\/tienda\/wp-content\/uploads\/2023\/07\/IMG_6848-e1573793816992.jpg","width":1835,"height":1585},{"@type":"BreadcrumbList","@id":"https:\/\/mundomagnoliophyta.com\/tienda\/macetas-barro\/maceta-barro-2007\/#breadcrumb","itemListElement":[{"@type":"ListItem","position":1,"name":"Portada","item":"https:\/\/mundomagnoliophyta.com\/tienda\/"},{"@type":"ListItem","position":2,"name":"Tienda","item":"https:\/\/mundomagnoliophyta.com\/tienda\/tienda\/"},{"@type":"ListItem","position":3,"name":"Maceta de barro artesanal 10.5 Pulgadas."}]},{"@type":"WebSite","@id":"https:\/\/mundomagnoliophyta.com\/tienda\/#website","url":"https:\/\/mundomagnoliophyta.com\/tienda\/","name":"Tienda Vivero Magnoliophyta","description":"Tienda de Pachypodium, Echeveria Laui, Grusonii y Adenium","publisher":{"@id":"https:\/\/mundomagnoliophyta.com\/tienda\/#organization"},"potentialAction":[{"@type":"SearchAction","target":{"@type":"EntryPoint","urlTemplate":"https:\/\/mundomagnoliophyta.com\/tienda\/?s={search_term_string}"},"query-input":{"@type":"PropertyValueSpecification","valueRequired":true,"valueName":"search_term_string"}}],"inLanguage":"es"},{"@type":"Organization","@id":"https:\/\/mundomagnoliophyta.com\/tienda\/#organization","name":"Tienda Vivero Magnoliophyta","url":"https:\/\/mundomagnoliophyta.com\/tienda\/","logo":{"@type":"ImageObject","inLanguage":"es","@id":"https:\/\/mundomagnoliophyta.com\/tienda\/#\/schema\/logo\/image\/","url":"https:\/\/mundomagnoliophyta.com\/tienda\/wp-content\/uploads\/2023\/07\/Logo-Magnoliophyta-web.png","contentUrl":"https:\/\/mundomagnoliophyta.com\/tienda\/wp-content\/uploads\/2023\/07\/Logo-Magnoliophyta-web.png","width":331,"height":71,"caption":"Tienda Vivero Magnoliophyta"},"image":{"@id":"https:\/\/mundomagnoliophyta.com\/tienda\/#\/schema\/logo\/image\/"}}]}},"_links":{"self":[{"href":"https:\/\/mundomagnoliophyta.com\/tienda\/wp-json\/wp\/v2\/product\/23","targetHints":{"allow":["GET"]}}],"collection":[{"href":"https:\/\/mundomagnoliophyta.com\/tienda\/wp-json\/wp\/v2\/product"}],"about":[{"href":"https:\/\/mundomagnoliophyta.com\/tienda\/wp-json\/wp\/v2\/types\/product"}],"wp:featuredmedia":[{"embeddable":true,"href":"https:\/\/mundomagnoliophyta.com\/tienda\/wp-json\/wp\/v2\/media\/75"}],"wp:attachment":[{"href":"https:\/\/mundomagnoliophyta.com\/tienda\/wp-json\/wp\/v2\/media?parent=23"}],"wp:term":[{"taxonomy":"product_brand","embeddable":true,"href":"https:\/\/mundomagnoliophyta.com\/tienda\/wp-json\/wp\/v2\/product_brand?post=23"},{"taxonomy":"product_cat","embeddable":true,"href":"https:\/\/mundomagnoliophyta.com\/tienda\/wp-json\/wp\/v2\/product_cat?post=23"},{"taxonomy":"product_tag","embeddable":true,"href":"https:\/\/mundomagnoliophyta.com\/tienda\/wp-json\/wp\/v2\/product_tag?post=23"}],"curies":[{"name":"wp","href":"https:\/\/api.w.org\/{rel}","templated":true}]}}