{"id":228,"date":"2023-07-28T06:36:52","date_gmt":"2023-07-28T06:36:52","guid":{"rendered":"https:\/\/mundomagnoliophyta.com\/tienda\/?post_type=product&#038;p=228"},"modified":"2023-07-28T19:10:50","modified_gmt":"2023-07-29T01:10:50","slug":"venta-de-fertilizante-para-pachypodium-1-kg","status":"publish","type":"product","link":"https:\/\/mundomagnoliophyta.com\/tienda\/agroquimicos\/fertilizante-pachypodium-1-kg\/","title":{"rendered":"Venta de Fertilizante para Pachypodium &#8211; 1 Kg"},"content":{"rendered":"<p>\u00bfNecesitas fertilizar plantas de Pachypodium y no sabes con qu\u00e9? Este es el mejor fertilizante que nosotros hemos probado a trav\u00e9s de los a\u00f1os en nuestro vivero. Lo hemos aplicado en nuestras propias plantas y los resultados han sido positivos. Tenemos a la venta este fertilizante para plantas de Pachypodium aqu\u00ed.<\/p>\n<p>Este es el fertilizante (abono) para Pachypodium recomendado.<\/p>\n<p><strong>\u00bfQu\u00e9 tipo de fertilizante es?<\/strong><\/p>\n<p>46-00-00<\/p>\n<h2>\u00bfC\u00f3mo el fertilizante en mis plantas de Pachypodium?<\/h2>\n<p>La dosis para aplicar este fertilizante a tus plantas de Pachypodium es diluir 1 gramo en 1 litro de agua. Esta agua con fertilizante diluido la vas a aplicar como un riego normal en tus plantas.<\/p>\n<p>Si necesitas m\u00e1s fertilizante s\u00f3lo aplica las proporciones correspondientes, por ejemplo, si vas a necesitar 50 litros de agua para fertilizar tus plantas de Pachypodium entonces vas a diluir 50 gramos de fertilizante granulado.<\/p>\n<p><strong>\u00bfD\u00f3nde puedo aplicar este fertilizante?<\/strong><\/p>\n<p>Nosotros hemos aplicado este fertilizante en las siguientes especies de Pachypodium y los resultados han sido ben\u00e9ficos.<\/p>\n<ul>\n<li>Pachypodium Lamerei (Palma de Madagascar).<\/li>\n<li>Pachypodium Horombense.<\/li>\n<li>Pachypodium Rutenbergianum.<\/li>\n<li>Pachypodium Geayi.<\/li>\n<li>Pachypodium Lealii Saundersii.<\/li>\n<li>Pachypodium Namaquanum.<\/li>\n<li>Pachypodium Succulentum.<\/li>\n<li>Pachypodium Rosulatum.<\/li>\n<li>Pachypodium Gracilius.<\/li>\n<li>Pachypodium Baronii.<\/li>\n<\/ul>\n<h2>\u00bfC\u00f3mo te puede ayudar este Fertilizante para Pachypodium?<\/h2>\n<p>Hemos visto una mejora favorable cuando aplicamos este fertilizante en plantas de Pachypodium. Ayuda a darle un crecimiento verde y reluciente en todo el follaje. Adem\u00e1s de nutrir eficazmente todo el cuerpo de la planta de Pachypodium.<\/p>\n<p>Tenemos a la venta el fertilizante de Pachypodium ya que muchas personas nos han solicitado el mismo producto que nosotros aplicamos.<\/p>\n<p>Pru\u00e9balo y notar\u00e1s la diferencia.<\/p>\n<p>Aqu\u00ed tenemos una prueba de c\u00f3mo al aplicar este fertilizante tus plantas de Pachypodium van a crecer con mayor vigor. <a href=\"https:\/\/mundomagnoliophyta.com\/como-cuidar-palma-de-madagascar\/\">Ver los resultados aqu\u00ed<\/a>.<\/p>\n<p>Despu\u00e9s de que aplicas este fertilizante, en las semanas siguientes vas a observar c\u00f3mo tu planta de Pachypodium comienza a estimularse en el crecimiento del follaje y despu\u00e9s en el crecimiento de todo el c\u00e1udice.<\/p>\n<p><a href=\"https:\/\/mundomagnoliophyta.com\/producto\/venta-sustrato-pachypodium-lamerei\/\">Mira el sustrato para Pachypodium Lamerei aqu\u00ed.<\/a><\/p>\n<div id=\"gtx-trans\" style=\"position: absolute; left: 67px; top: 239px;\">\n<div class=\"gtx-trans-icon\"><\/div>\n<\/div>\n","protected":false},"excerpt":{"rendered":"<p>\u00bfNecesitas fertilizar plantas de Pachypodium y no sabes con qu\u00e9? Este es el mejor fertilizante que nosotros hemos probado a trav\u00e9s de los a\u00f1os en nuestro vivero. Lo hemos aplicado en nuestras propias plantas y los resultados han sido positivos. Tenemos a la venta este fertilizante para plantas de Pachypodium aqu\u00ed. Este es el fertilizante [&hellip;]<\/p>\n","protected":false},"featured_media":263,"template":"","meta":[],"product_brand":[],"product_cat":[44],"product_tag":[],"class_list":{"0":"post-228","1":"product","2":"type-product","3":"status-publish","4":"has-post-thumbnail","6":"product_cat-agroquimicos","8":"first","9":"outofstock","10":"shipping-taxable","11":"purchasable","12":"product-type-simple"},"yoast_head":"<!-- This site is optimized with the Yoast SEO plugin v25.4 - https:\/\/yoast.com\/wordpress\/plugins\/seo\/ -->\n<title>Venta de fertilizante para Pachypodium - 1kg Env\u00edos a todo M\u00e9xico.<\/title>\n<meta name=\"description\" content=\"Encuentra aqu\u00ed a la venta el fertilizante recomendado para plantas de Pachypodium. Compra y recibe en tu domicilio. Env\u00edos a todo M\u00e9xico.\" \/>\n<meta name=\"robots\" content=\"index, follow, max-snippet:-1, max-image-preview:large, max-video-preview:-1\" \/>\n<link rel=\"canonical\" href=\"https:\/\/mundomagnoliophyta.com\/tienda\/agroquimicos\/fertilizante-pachypodium-1-kg\/\" \/>\n<meta property=\"og:locale\" content=\"es_ES\" \/>\n<meta property=\"og:type\" content=\"article\" \/>\n<meta property=\"og:title\" content=\"Venta de fertilizante para Pachypodium - 1kg Env\u00edos a todo M\u00e9xico.\" \/>\n<meta property=\"og:description\" content=\"Encuentra aqu\u00ed a la venta el fertilizante recomendado para plantas de Pachypodium. Compra y recibe en tu domicilio. Env\u00edos a todo M\u00e9xico.\" \/>\n<meta property=\"og:url\" content=\"https:\/\/mundomagnoliophyta.com\/tienda\/agroquimicos\/fertilizante-pachypodium-1-kg\/\" \/>\n<meta property=\"og:site_name\" content=\"Tienda Vivero Magnoliophyta\" \/>\n<meta property=\"article:modified_time\" content=\"2023-07-29T01:10:50+00:00\" \/>\n<meta property=\"og:image\" content=\"https:\/\/mundomagnoliophyta.com\/tienda\/wp-content\/uploads\/2023\/07\/fertilizante-para-Pachypodium.jpeg\" \/>\n\t<meta property=\"og:image:width\" content=\"1024\" \/>\n\t<meta property=\"og:image:height\" content=\"683\" \/>\n\t<meta property=\"og:image:type\" content=\"image\/jpeg\" \/>\n<meta name=\"twitter:card\" content=\"summary_large_image\" \/>\n<meta name=\"twitter:label1\" content=\"Tiempo de lectura\" \/>\n\t<meta name=\"twitter:data1\" content=\"2 minutos\" \/>\n<script type=\"application\/ld+json\" class=\"yoast-schema-graph\">{\"@context\":\"https:\/\/schema.org\",\"@graph\":[{\"@type\":\"WebPage\",\"@id\":\"https:\/\/mundomagnoliophyta.com\/tienda\/agroquimicos\/fertilizante-pachypodium-1-kg\/\",\"url\":\"https:\/\/mundomagnoliophyta.com\/tienda\/agroquimicos\/fertilizante-pachypodium-1-kg\/\",\"name\":\"Venta de fertilizante para Pachypodium - 1kg Env\u00edos a todo M\u00e9xico.\",\"isPartOf\":{\"@id\":\"https:\/\/mundomagnoliophyta.com\/tienda\/#website\"},\"primaryImageOfPage\":{\"@id\":\"https:\/\/mundomagnoliophyta.com\/tienda\/agroquimicos\/fertilizante-pachypodium-1-kg\/#primaryimage\"},\"image\":{\"@id\":\"https:\/\/mundomagnoliophyta.com\/tienda\/agroquimicos\/fertilizante-pachypodium-1-kg\/#primaryimage\"},\"thumbnailUrl\":\"https:\/\/mundomagnoliophyta.com\/tienda\/wp-content\/uploads\/2023\/07\/fertilizante-para-Pachypodium.jpeg\",\"datePublished\":\"2023-07-28T06:36:52+00:00\",\"dateModified\":\"2023-07-29T01:10:50+00:00\",\"description\":\"Encuentra aqu\u00ed a la venta el fertilizante recomendado para plantas de Pachypodium. Compra y recibe en tu domicilio. Env\u00edos a todo M\u00e9xico.\",\"breadcrumb\":{\"@id\":\"https:\/\/mundomagnoliophyta.com\/tienda\/agroquimicos\/fertilizante-pachypodium-1-kg\/#breadcrumb\"},\"inLanguage\":\"es\",\"potentialAction\":[{\"@type\":\"ReadAction\",\"target\":[\"https:\/\/mundomagnoliophyta.com\/tienda\/agroquimicos\/fertilizante-pachypodium-1-kg\/\"]}]},{\"@type\":\"ImageObject\",\"inLanguage\":\"es\",\"@id\":\"https:\/\/mundomagnoliophyta.com\/tienda\/agroquimicos\/fertilizante-pachypodium-1-kg\/#primaryimage\",\"url\":\"https:\/\/mundomagnoliophyta.com\/tienda\/wp-content\/uploads\/2023\/07\/fertilizante-para-Pachypodium.jpeg\",\"contentUrl\":\"https:\/\/mundomagnoliophyta.com\/tienda\/wp-content\/uploads\/2023\/07\/fertilizante-para-Pachypodium.jpeg\",\"width\":1024,\"height\":683},{\"@type\":\"BreadcrumbList\",\"@id\":\"https:\/\/mundomagnoliophyta.com\/tienda\/agroquimicos\/fertilizante-pachypodium-1-kg\/#breadcrumb\",\"itemListElement\":[{\"@type\":\"ListItem\",\"position\":1,\"name\":\"Portada\",\"item\":\"https:\/\/mundomagnoliophyta.com\/tienda\/\"},{\"@type\":\"ListItem\",\"position\":2,\"name\":\"Tienda\",\"item\":\"https:\/\/mundomagnoliophyta.com\/tienda\/tienda\/\"},{\"@type\":\"ListItem\",\"position\":3,\"name\":\"Venta de Fertilizante para Pachypodium &#8211; 1 Kg\"}]},{\"@type\":\"WebSite\",\"@id\":\"https:\/\/mundomagnoliophyta.com\/tienda\/#website\",\"url\":\"https:\/\/mundomagnoliophyta.com\/tienda\/\",\"name\":\"Tienda Vivero Magnoliophyta\",\"description\":\"Tienda de Pachypodium, Echeveria Laui, Grusonii y Adenium\",\"publisher\":{\"@id\":\"https:\/\/mundomagnoliophyta.com\/tienda\/#organization\"},\"potentialAction\":[{\"@type\":\"SearchAction\",\"target\":{\"@type\":\"EntryPoint\",\"urlTemplate\":\"https:\/\/mundomagnoliophyta.com\/tienda\/?s={search_term_string}\"},\"query-input\":{\"@type\":\"PropertyValueSpecification\",\"valueRequired\":true,\"valueName\":\"search_term_string\"}}],\"inLanguage\":\"es\"},{\"@type\":\"Organization\",\"@id\":\"https:\/\/mundomagnoliophyta.com\/tienda\/#organization\",\"name\":\"Tienda Vivero Magnoliophyta\",\"url\":\"https:\/\/mundomagnoliophyta.com\/tienda\/\",\"logo\":{\"@type\":\"ImageObject\",\"inLanguage\":\"es\",\"@id\":\"https:\/\/mundomagnoliophyta.com\/tienda\/#\/schema\/logo\/image\/\",\"url\":\"https:\/\/mundomagnoliophyta.com\/tienda\/wp-content\/uploads\/2023\/07\/Logo-Magnoliophyta-web.png\",\"contentUrl\":\"https:\/\/mundomagnoliophyta.com\/tienda\/wp-content\/uploads\/2023\/07\/Logo-Magnoliophyta-web.png\",\"width\":331,\"height\":71,\"caption\":\"Tienda Vivero Magnoliophyta\"},\"image\":{\"@id\":\"https:\/\/mundomagnoliophyta.com\/tienda\/#\/schema\/logo\/image\/\"}}]}<\/script>\n<!-- \/ Yoast SEO plugin. -->","yoast_head_json":{"title":"Venta de fertilizante para Pachypodium - 1kg Env\u00edos a todo M\u00e9xico.","description":"Encuentra aqu\u00ed a la venta el fertilizante recomendado para plantas de Pachypodium. Compra y recibe en tu domicilio. Env\u00edos a todo M\u00e9xico.","robots":{"index":"index","follow":"follow","max-snippet":"max-snippet:-1","max-image-preview":"max-image-preview:large","max-video-preview":"max-video-preview:-1"},"canonical":"https:\/\/mundomagnoliophyta.com\/tienda\/agroquimicos\/fertilizante-pachypodium-1-kg\/","og_locale":"es_ES","og_type":"article","og_title":"Venta de fertilizante para Pachypodium - 1kg Env\u00edos a todo M\u00e9xico.","og_description":"Encuentra aqu\u00ed a la venta el fertilizante recomendado para plantas de Pachypodium. Compra y recibe en tu domicilio. Env\u00edos a todo M\u00e9xico.","og_url":"https:\/\/mundomagnoliophyta.com\/tienda\/agroquimicos\/fertilizante-pachypodium-1-kg\/","og_site_name":"Tienda Vivero Magnoliophyta","article_modified_time":"2023-07-29T01:10:50+00:00","og_image":[{"width":1024,"height":683,"url":"https:\/\/mundomagnoliophyta.com\/tienda\/wp-content\/uploads\/2023\/07\/fertilizante-para-Pachypodium.jpeg","type":"image\/jpeg"}],"twitter_card":"summary_large_image","twitter_misc":{"Tiempo de lectura":"2 minutos"},"schema":{"@context":"https:\/\/schema.org","@graph":[{"@type":"WebPage","@id":"https:\/\/mundomagnoliophyta.com\/tienda\/agroquimicos\/fertilizante-pachypodium-1-kg\/","url":"https:\/\/mundomagnoliophyta.com\/tienda\/agroquimicos\/fertilizante-pachypodium-1-kg\/","name":"Venta de fertilizante para Pachypodium - 1kg Env\u00edos a todo M\u00e9xico.","isPartOf":{"@id":"https:\/\/mundomagnoliophyta.com\/tienda\/#website"},"primaryImageOfPage":{"@id":"https:\/\/mundomagnoliophyta.com\/tienda\/agroquimicos\/fertilizante-pachypodium-1-kg\/#primaryimage"},"image":{"@id":"https:\/\/mundomagnoliophyta.com\/tienda\/agroquimicos\/fertilizante-pachypodium-1-kg\/#primaryimage"},"thumbnailUrl":"https:\/\/mundomagnoliophyta.com\/tienda\/wp-content\/uploads\/2023\/07\/fertilizante-para-Pachypodium.jpeg","datePublished":"2023-07-28T06:36:52+00:00","dateModified":"2023-07-29T01:10:50+00:00","description":"Encuentra aqu\u00ed a la venta el fertilizante recomendado para plantas de Pachypodium. Compra y recibe en tu domicilio. Env\u00edos a todo M\u00e9xico.","breadcrumb":{"@id":"https:\/\/mundomagnoliophyta.com\/tienda\/agroquimicos\/fertilizante-pachypodium-1-kg\/#breadcrumb"},"inLanguage":"es","potentialAction":[{"@type":"ReadAction","target":["https:\/\/mundomagnoliophyta.com\/tienda\/agroquimicos\/fertilizante-pachypodium-1-kg\/"]}]},{"@type":"ImageObject","inLanguage":"es","@id":"https:\/\/mundomagnoliophyta.com\/tienda\/agroquimicos\/fertilizante-pachypodium-1-kg\/#primaryimage","url":"https:\/\/mundomagnoliophyta.com\/tienda\/wp-content\/uploads\/2023\/07\/fertilizante-para-Pachypodium.jpeg","contentUrl":"https:\/\/mundomagnoliophyta.com\/tienda\/wp-content\/uploads\/2023\/07\/fertilizante-para-Pachypodium.jpeg","width":1024,"height":683},{"@type":"BreadcrumbList","@id":"https:\/\/mundomagnoliophyta.com\/tienda\/agroquimicos\/fertilizante-pachypodium-1-kg\/#breadcrumb","itemListElement":[{"@type":"ListItem","position":1,"name":"Portada","item":"https:\/\/mundomagnoliophyta.com\/tienda\/"},{"@type":"ListItem","position":2,"name":"Tienda","item":"https:\/\/mundomagnoliophyta.com\/tienda\/tienda\/"},{"@type":"ListItem","position":3,"name":"Venta de Fertilizante para Pachypodium &#8211; 1 Kg"}]},{"@type":"WebSite","@id":"https:\/\/mundomagnoliophyta.com\/tienda\/#website","url":"https:\/\/mundomagnoliophyta.com\/tienda\/","name":"Tienda Vivero Magnoliophyta","description":"Tienda de Pachypodium, Echeveria Laui, Grusonii y Adenium","publisher":{"@id":"https:\/\/mundomagnoliophyta.com\/tienda\/#organization"},"potentialAction":[{"@type":"SearchAction","target":{"@type":"EntryPoint","urlTemplate":"https:\/\/mundomagnoliophyta.com\/tienda\/?s={search_term_string}"},"query-input":{"@type":"PropertyValueSpecification","valueRequired":true,"valueName":"search_term_string"}}],"inLanguage":"es"},{"@type":"Organization","@id":"https:\/\/mundomagnoliophyta.com\/tienda\/#organization","name":"Tienda Vivero Magnoliophyta","url":"https:\/\/mundomagnoliophyta.com\/tienda\/","logo":{"@type":"ImageObject","inLanguage":"es","@id":"https:\/\/mundomagnoliophyta.com\/tienda\/#\/schema\/logo\/image\/","url":"https:\/\/mundomagnoliophyta.com\/tienda\/wp-content\/uploads\/2023\/07\/Logo-Magnoliophyta-web.png","contentUrl":"https:\/\/mundomagnoliophyta.com\/tienda\/wp-content\/uploads\/2023\/07\/Logo-Magnoliophyta-web.png","width":331,"height":71,"caption":"Tienda Vivero Magnoliophyta"},"image":{"@id":"https:\/\/mundomagnoliophyta.com\/tienda\/#\/schema\/logo\/image\/"}}]}},"_links":{"self":[{"href":"https:\/\/mundomagnoliophyta.com\/tienda\/wp-json\/wp\/v2\/product\/228","targetHints":{"allow":["GET"]}}],"collection":[{"href":"https:\/\/mundomagnoliophyta.com\/tienda\/wp-json\/wp\/v2\/product"}],"about":[{"href":"https:\/\/mundomagnoliophyta.com\/tienda\/wp-json\/wp\/v2\/types\/product"}],"wp:featuredmedia":[{"embeddable":true,"href":"https:\/\/mundomagnoliophyta.com\/tienda\/wp-json\/wp\/v2\/media\/263"}],"wp:attachment":[{"href":"https:\/\/mundomagnoliophyta.com\/tienda\/wp-json\/wp\/v2\/media?parent=228"}],"wp:term":[{"taxonomy":"product_brand","embeddable":true,"href":"https:\/\/mundomagnoliophyta.com\/tienda\/wp-json\/wp\/v2\/product_brand?post=228"},{"taxonomy":"product_cat","embeddable":true,"href":"https:\/\/mundomagnoliophyta.com\/tienda\/wp-json\/wp\/v2\/product_cat?post=228"},{"taxonomy":"product_tag","embeddable":true,"href":"https:\/\/mundomagnoliophyta.com\/tienda\/wp-json\/wp\/v2\/product_tag?post=228"}],"curies":[{"name":"wp","href":"https:\/\/api.w.org\/{rel}","templated":true}]}}