{"id":201,"date":"2023-07-28T06:35:56","date_gmt":"2023-07-28T06:35:56","guid":{"rendered":"https:\/\/mundomagnoliophyta.com\/tienda\/?post_type=product&#038;p=201"},"modified":"2023-07-29T06:05:41","modified_gmt":"2023-07-29T12:05:41","slug":"semillas-de-pachypodium-lealii-saundersii-30-piezas","status":"publish","type":"product","link":"https:\/\/mundomagnoliophyta.com\/tienda\/pachypodium\/saundersii\/semillas-saundersii-30pz\/","title":{"rendered":"Semillas de Pachypodium Lealii Saundersii &#8211; 30 Piezas"},"content":{"rendered":"<p>Venta de semillas de Pachypodium Saundersii. Compra y germina tus propios ejemplares de esta fant\u00e1stica variedad de Pachypodium.<\/p>\n<p>Si est\u00e1s buscando este ejemplar, nosotros ponemos a la venta semillas de Pachypodium Lealii Saundersii. Ideal para ti si deseas germinar tus propias plantas y verlas crecer con tus propios cuidados.<\/p>\n<p>Este <strong>Pachypodium es originario del continente Africano<\/strong>. Un lugar des\u00e9rtico en la gran mayor\u00eda de su extensi\u00f3n territorial. Donde la planta crece y se adapta a los climas extremos que el desierto propicia en sus diferentes \u00e9pocas del a\u00f1o.<\/p>\n<h2>Caracter\u00edsticas las Semillas de Pachypodium Lealii Saundersii 30 piezas.<\/h2>\n<p>Ancho de la semilla (promedio): 5mm.<\/p>\n<p>Largo de la semilla (promedio): 8mm.<\/p>\n<p>*Estas medidas son promedio, hay variaciones importantes en cada semilla. Aunque son de la misma variedad hay semillas m\u00e1s peque\u00f1as y hay semillas m\u00e1s grandes. Estas medidas no se deben tomar como medidas estrictas de las semillas que vas a recibir. Las medidas aqu\u00ed mostradas son ilustrativas y se colocan para que tengas una mejor referencia de cu\u00e1l es el aspecto y forma de las semillas. Cada semilla es \u00fanica y diferente.<\/p>\n<p>&nbsp;<\/p>\n<h2>Lugar ideal para germinar.<\/h2>\n<p>Bajo un domo o en alg\u00fan lugar donde se sienta calor.<\/p>\n<p>&nbsp;<\/p>\n<h2>Sustrato para germinar.<\/h2>\n<p>Nosotros utilizamos tierra de hoja bien colada.<\/p>\n<h2>Riego.<\/h2>\n<p>Se recomienda que el riego del sustrato sea constante. El sustrato debe estar siempre h\u00famedo para lograr que las semillas germinen.<\/p>\n<h2>\u00bfC\u00f3mo germinar Semillas de Pachypodium?<\/h2>\n<p>Te compartimos este art\u00edculo para que tengas una mejor idea de c\u00f3mo germinar Pachypodium. <a href=\"https:\/\/mundomagnoliophyta.com\/como-germina-el-pachypodium-lamerei\/\">Ver art\u00edculo aqu\u00ed.<\/a><\/p>\n<h2>\u00bfC\u00f3mo es el Pachypodium Saundersii en vida adulta?<\/h2>\n<p>La caracter\u00edstica m\u00e1s importante es de esta variedad de Pachypodium es su imponente c\u00e1udice (tallo) que llega a formar cuando es adulto, as\u00ed como sus hermosas flores.<\/p>\n<p>Se convierte en una planta que su crecimiento es hacia lo ancho.<\/p>\n<p>Aproximadamente a la edad de 7 a\u00f1os el Pachypodium Lealii Saundersii va a florecer. Produce ramilletes de flores blancas (a veces con todos en color vino). Este ramillete de flores puede durar de 3 a 5 meses. La flor sale en la punta de los tallos del Pachypodium.<\/p>\n<p>Normalmente salen varias ramas llenas de espinas en el tallo principal. El tallo principal es como una bola pegada al suelo, en esta bola es donde salen las ramas llenas de espinas.<\/p>\n<p>Mira la fotograf\u00eda en seguida para que te des una idea de c\u00f3mo es la flor de Pachypodium Lealii Saundersii y c\u00f3mo es su forma una vez que alcanza la vida adulta.<\/p>\n<figure id=\"attachment_2366\" aria-describedby=\"caption-attachment-2366\" style=\"width: 800px\" class=\"wp-caption alignnone\"><a href=\"https:\/\/mundomagnoliophyta.com\/wp-content\/uploads\/2020\/06\/C\u00f3mo-crece-el-Pachypodium-Lealii-Saundersii.jpg\"><img loading=\"lazy\" decoding=\"async\" class=\"wp-image-2366 size-full\" src=\"https:\/\/mundomagnoliophyta.com\/wp-content\/uploads\/2020\/06\/C\u00f3mo-crece-el-Pachypodium-Lealii-Saundersii.jpg\" alt=\"C\u00f3mo crece el Pachypodium Lealii Saundersii\" width=\"800\" height=\"450\" \/><\/a><figcaption id=\"caption-attachment-2366\" class=\"wp-caption-text\">Ejemplo de c\u00f3mo crece un Pachypoidum Lealii Saundersii &#8211; Este es un ejemplar de 12 a\u00f1os de edad aproximadamente.<\/figcaption><\/figure>\n<p>&nbsp;<\/p>\n<figure id=\"attachment_2367\" aria-describedby=\"caption-attachment-2367\" style=\"width: 800px\" class=\"wp-caption alignnone\"><a href=\"https:\/\/mundomagnoliophyta.com\/wp-content\/uploads\/2020\/06\/C\u00f3mo-se-forman-las-ramas-del-Pachypodium-Lealii-Saundersii.jpg\"><img loading=\"lazy\" decoding=\"async\" class=\"wp-image-2367 size-full\" src=\"https:\/\/mundomagnoliophyta.com\/wp-content\/uploads\/2020\/06\/C\u00f3mo-se-forman-las-ramas-del-Pachypodium-Lealii-Saundersii.jpg\" alt=\"C\u00f3mo se forman las ramas de un Pachypodium Lealii Saundersii\" width=\"800\" height=\"450\" \/><\/a><figcaption id=\"caption-attachment-2367\" class=\"wp-caption-text\">C\u00f3mo ramifica un Pachypodium Lealii Saunderii.<\/figcaption><\/figure>\n<p>&nbsp;<\/p>\n<figure id=\"attachment_2368\" aria-describedby=\"caption-attachment-2368\" style=\"width: 800px\" class=\"wp-caption alignnone\"><a href=\"https:\/\/mundomagnoliophyta.com\/wp-content\/uploads\/2020\/06\/C\u00f3mo-son-las-flores-de-un-Pachypodium-Lealii-Saundersii.jpg\"><img loading=\"lazy\" decoding=\"async\" class=\"wp-image-2368 size-full\" src=\"https:\/\/mundomagnoliophyta.com\/wp-content\/uploads\/2020\/06\/C\u00f3mo-son-las-flores-de-un-Pachypodium-Lealii-Saundersii.jpg\" alt=\"C\u00f3mo son las flores de un Pachypodium Lealii Saundersii\" width=\"800\" height=\"450\" \/><\/a><figcaption id=\"caption-attachment-2368\" class=\"wp-caption-text\">Flores de un Pachypodium Lealii Saundersii.<\/figcaption><\/figure>\n<figure id=\"attachment_2369\" aria-describedby=\"caption-attachment-2369\" style=\"width: 800px\" class=\"wp-caption alignnone\"><a href=\"https:\/\/mundomagnoliophyta.com\/wp-content\/uploads\/2020\/06\/C\u00f3mo-es-la-flor-de-un-Pachypodium-Lealii-Saundersii.jpg\"><img loading=\"lazy\" decoding=\"async\" class=\"wp-image-2369 size-full\" src=\"https:\/\/mundomagnoliophyta.com\/wp-content\/uploads\/2020\/06\/C\u00f3mo-es-la-flor-de-un-Pachypodium-Lealii-Saundersii.jpg\" alt=\"C\u00f3mo es la flore de un Pachypodium Lealii Saundersii\" width=\"800\" height=\"450\" \/><\/a><figcaption id=\"caption-attachment-2369\" class=\"wp-caption-text\">C\u00f3mo se ve de cerca una flore de Pachypodium Lealii Saundersii.<\/figcaption><\/figure>\n<h2>\u00bfTienes dudas?<\/h2>\n<p>[wpforms id=\u00bb3788&#8243; title=\u00bbfalse\u00bb description=\u00bbtrue\u00bb]<\/p>\n<p><strong>S\u00edguenos y descubre m\u00e1s productos nuevos.<\/strong><\/p>\n<p><a href=\"https:\/\/www.facebook.com\/mmagnoliophyta\/\">Facebook\u00a0<\/a>\u2013\u00a0<a href=\"https:\/\/www.instagram.com\/mmagnoliophyta\/\">Instagram\u00a0<\/a>\u2013\u00a0<a href=\"https:\/\/www.pinterest.com.mx\/mmagnoliophyta\/\">Pinterest<\/a>\u00a0\u2013\u00a0<a href=\"https:\/\/www.youtube.com\/channel\/UCKtWWE_lBszDJG5eNf_XrEg\">Youtube.<\/a><\/p>\n","protected":false},"excerpt":{"rendered":"<ul>\n<li style=\"color: #2e9b03;\">Compra segura y protegida con SSL.<\/li>\n<li style=\"color: #2e9b03;\">Paga en OXXO, con Tarjeta o Transferencia.<\/li>\n<li style=\"color: #2e9b03;\">Recibe el producto que esperas o te devolvemos tu dinero.<\/li>\n<\/ul>\n<div id=\"gtx-trans\" style=\"position: absolute; left: 31px; top: -3px;\">\n<div class=\"gtx-trans-icon\"><\/div>\n<\/div>\n","protected":false},"featured_media":236,"template":"","meta":[],"product_brand":[],"product_cat":[29,35],"product_tag":[20,23,37],"class_list":{"0":"post-201","1":"product","2":"type-product","3":"status-publish","4":"has-post-thumbnail","6":"product_cat-saundersii","7":"product_cat-semillas","8":"product_tag-cactus","9":"product_tag-cactus-de-madagascar","10":"product_tag-lealii-saundersii","12":"first","13":"instock","14":"sale","15":"shipping-taxable","16":"purchasable","17":"product-type-simple"},"yoast_head":"<!-- This site is optimized with the Yoast SEO plugin v25.4 - https:\/\/yoast.com\/wordpress\/plugins\/seo\/ -->\n<title>Semillas de Pachypodium Lealii Saundersii - 30 Piezas .<\/title>\n<meta name=\"description\" content=\"Venta de Semillas de Pachypodium Saundersii. Descubre precios y caracter\u00edsticas. Compra estas semillas para germinar tus propias especies.\" \/>\n<meta name=\"robots\" content=\"index, follow, max-snippet:-1, max-image-preview:large, max-video-preview:-1\" \/>\n<link rel=\"canonical\" href=\"https:\/\/mundomagnoliophyta.com\/tienda\/pachypodium\/saundersii\/semillas-saundersii-30pz\/\" \/>\n<meta property=\"og:locale\" content=\"es_ES\" \/>\n<meta property=\"og:type\" content=\"article\" \/>\n<meta property=\"og:title\" content=\"Semillas de Pachypodium Lealii Saundersii - 30 Piezas .\" \/>\n<meta property=\"og:description\" content=\"Venta de Semillas de Pachypodium Saundersii. Descubre precios y caracter\u00edsticas. Compra estas semillas para germinar tus propias especies.\" \/>\n<meta property=\"og:url\" content=\"https:\/\/mundomagnoliophyta.com\/tienda\/pachypodium\/saundersii\/semillas-saundersii-30pz\/\" \/>\n<meta property=\"og:site_name\" content=\"Tienda Vivero Magnoliophyta\" \/>\n<meta property=\"article:modified_time\" content=\"2023-07-29T12:05:41+00:00\" \/>\n<meta property=\"og:image\" content=\"https:\/\/mundomagnoliophyta.com\/tienda\/wp-content\/uploads\/2023\/07\/Semillas-de-Pachypodium-Lealii-Saundersii-Vivero-Magnoliophyta-fondo-blanco-Web-11.jpg\" \/>\n\t<meta property=\"og:image:width\" content=\"2084\" \/>\n\t<meta property=\"og:image:height\" content=\"1545\" \/>\n\t<meta property=\"og:image:type\" content=\"image\/jpeg\" \/>\n<meta name=\"twitter:card\" content=\"summary_large_image\" \/>\n<meta name=\"twitter:label1\" content=\"Tiempo de lectura\" \/>\n\t<meta name=\"twitter:data1\" content=\"4 minutos\" \/>\n<script type=\"application\/ld+json\" class=\"yoast-schema-graph\">{\"@context\":\"https:\/\/schema.org\",\"@graph\":[{\"@type\":\"WebPage\",\"@id\":\"https:\/\/mundomagnoliophyta.com\/tienda\/pachypodium\/saundersii\/semillas-saundersii-30pz\/\",\"url\":\"https:\/\/mundomagnoliophyta.com\/tienda\/pachypodium\/saundersii\/semillas-saundersii-30pz\/\",\"name\":\"Semillas de Pachypodium Lealii Saundersii - 30 Piezas .\",\"isPartOf\":{\"@id\":\"https:\/\/mundomagnoliophyta.com\/tienda\/#website\"},\"primaryImageOfPage\":{\"@id\":\"https:\/\/mundomagnoliophyta.com\/tienda\/pachypodium\/saundersii\/semillas-saundersii-30pz\/#primaryimage\"},\"image\":{\"@id\":\"https:\/\/mundomagnoliophyta.com\/tienda\/pachypodium\/saundersii\/semillas-saundersii-30pz\/#primaryimage\"},\"thumbnailUrl\":\"https:\/\/mundomagnoliophyta.com\/tienda\/wp-content\/uploads\/2023\/07\/Semillas-de-Pachypodium-Lealii-Saundersii-Vivero-Magnoliophyta-fondo-blanco-Web-11.jpg\",\"datePublished\":\"2023-07-28T06:35:56+00:00\",\"dateModified\":\"2023-07-29T12:05:41+00:00\",\"description\":\"Venta de Semillas de Pachypodium Saundersii. Descubre precios y caracter\u00edsticas. Compra estas semillas para germinar tus propias especies.\",\"breadcrumb\":{\"@id\":\"https:\/\/mundomagnoliophyta.com\/tienda\/pachypodium\/saundersii\/semillas-saundersii-30pz\/#breadcrumb\"},\"inLanguage\":\"es\",\"potentialAction\":[{\"@type\":\"ReadAction\",\"target\":[\"https:\/\/mundomagnoliophyta.com\/tienda\/pachypodium\/saundersii\/semillas-saundersii-30pz\/\"]}]},{\"@type\":\"ImageObject\",\"inLanguage\":\"es\",\"@id\":\"https:\/\/mundomagnoliophyta.com\/tienda\/pachypodium\/saundersii\/semillas-saundersii-30pz\/#primaryimage\",\"url\":\"https:\/\/mundomagnoliophyta.com\/tienda\/wp-content\/uploads\/2023\/07\/Semillas-de-Pachypodium-Lealii-Saundersii-Vivero-Magnoliophyta-fondo-blanco-Web-11.jpg\",\"contentUrl\":\"https:\/\/mundomagnoliophyta.com\/tienda\/wp-content\/uploads\/2023\/07\/Semillas-de-Pachypodium-Lealii-Saundersii-Vivero-Magnoliophyta-fondo-blanco-Web-11.jpg\",\"width\":2084,\"height\":1545},{\"@type\":\"BreadcrumbList\",\"@id\":\"https:\/\/mundomagnoliophyta.com\/tienda\/pachypodium\/saundersii\/semillas-saundersii-30pz\/#breadcrumb\",\"itemListElement\":[{\"@type\":\"ListItem\",\"position\":1,\"name\":\"Portada\",\"item\":\"https:\/\/mundomagnoliophyta.com\/tienda\/\"},{\"@type\":\"ListItem\",\"position\":2,\"name\":\"Tienda\",\"item\":\"https:\/\/mundomagnoliophyta.com\/tienda\/tienda\/\"},{\"@type\":\"ListItem\",\"position\":3,\"name\":\"Semillas de Pachypodium Lealii Saundersii &#8211; 30 Piezas\"}]},{\"@type\":\"WebSite\",\"@id\":\"https:\/\/mundomagnoliophyta.com\/tienda\/#website\",\"url\":\"https:\/\/mundomagnoliophyta.com\/tienda\/\",\"name\":\"Tienda Vivero Magnoliophyta\",\"description\":\"Tienda de Pachypodium, Echeveria Laui, Grusonii y Adenium\",\"publisher\":{\"@id\":\"https:\/\/mundomagnoliophyta.com\/tienda\/#organization\"},\"potentialAction\":[{\"@type\":\"SearchAction\",\"target\":{\"@type\":\"EntryPoint\",\"urlTemplate\":\"https:\/\/mundomagnoliophyta.com\/tienda\/?s={search_term_string}\"},\"query-input\":{\"@type\":\"PropertyValueSpecification\",\"valueRequired\":true,\"valueName\":\"search_term_string\"}}],\"inLanguage\":\"es\"},{\"@type\":\"Organization\",\"@id\":\"https:\/\/mundomagnoliophyta.com\/tienda\/#organization\",\"name\":\"Tienda Vivero Magnoliophyta\",\"url\":\"https:\/\/mundomagnoliophyta.com\/tienda\/\",\"logo\":{\"@type\":\"ImageObject\",\"inLanguage\":\"es\",\"@id\":\"https:\/\/mundomagnoliophyta.com\/tienda\/#\/schema\/logo\/image\/\",\"url\":\"https:\/\/mundomagnoliophyta.com\/tienda\/wp-content\/uploads\/2023\/07\/Logo-Magnoliophyta-web.png\",\"contentUrl\":\"https:\/\/mundomagnoliophyta.com\/tienda\/wp-content\/uploads\/2023\/07\/Logo-Magnoliophyta-web.png\",\"width\":331,\"height\":71,\"caption\":\"Tienda Vivero Magnoliophyta\"},\"image\":{\"@id\":\"https:\/\/mundomagnoliophyta.com\/tienda\/#\/schema\/logo\/image\/\"}}]}<\/script>\n<!-- \/ Yoast SEO plugin. -->","yoast_head_json":{"title":"Semillas de Pachypodium Lealii Saundersii - 30 Piezas .","description":"Venta de Semillas de Pachypodium Saundersii. Descubre precios y caracter\u00edsticas. Compra estas semillas para germinar tus propias especies.","robots":{"index":"index","follow":"follow","max-snippet":"max-snippet:-1","max-image-preview":"max-image-preview:large","max-video-preview":"max-video-preview:-1"},"canonical":"https:\/\/mundomagnoliophyta.com\/tienda\/pachypodium\/saundersii\/semillas-saundersii-30pz\/","og_locale":"es_ES","og_type":"article","og_title":"Semillas de Pachypodium Lealii Saundersii - 30 Piezas .","og_description":"Venta de Semillas de Pachypodium Saundersii. Descubre precios y caracter\u00edsticas. Compra estas semillas para germinar tus propias especies.","og_url":"https:\/\/mundomagnoliophyta.com\/tienda\/pachypodium\/saundersii\/semillas-saundersii-30pz\/","og_site_name":"Tienda Vivero Magnoliophyta","article_modified_time":"2023-07-29T12:05:41+00:00","og_image":[{"width":2084,"height":1545,"url":"https:\/\/mundomagnoliophyta.com\/tienda\/wp-content\/uploads\/2023\/07\/Semillas-de-Pachypodium-Lealii-Saundersii-Vivero-Magnoliophyta-fondo-blanco-Web-11.jpg","type":"image\/jpeg"}],"twitter_card":"summary_large_image","twitter_misc":{"Tiempo de lectura":"4 minutos"},"schema":{"@context":"https:\/\/schema.org","@graph":[{"@type":"WebPage","@id":"https:\/\/mundomagnoliophyta.com\/tienda\/pachypodium\/saundersii\/semillas-saundersii-30pz\/","url":"https:\/\/mundomagnoliophyta.com\/tienda\/pachypodium\/saundersii\/semillas-saundersii-30pz\/","name":"Semillas de Pachypodium Lealii Saundersii - 30 Piezas .","isPartOf":{"@id":"https:\/\/mundomagnoliophyta.com\/tienda\/#website"},"primaryImageOfPage":{"@id":"https:\/\/mundomagnoliophyta.com\/tienda\/pachypodium\/saundersii\/semillas-saundersii-30pz\/#primaryimage"},"image":{"@id":"https:\/\/mundomagnoliophyta.com\/tienda\/pachypodium\/saundersii\/semillas-saundersii-30pz\/#primaryimage"},"thumbnailUrl":"https:\/\/mundomagnoliophyta.com\/tienda\/wp-content\/uploads\/2023\/07\/Semillas-de-Pachypodium-Lealii-Saundersii-Vivero-Magnoliophyta-fondo-blanco-Web-11.jpg","datePublished":"2023-07-28T06:35:56+00:00","dateModified":"2023-07-29T12:05:41+00:00","description":"Venta de Semillas de Pachypodium Saundersii. Descubre precios y caracter\u00edsticas. Compra estas semillas para germinar tus propias especies.","breadcrumb":{"@id":"https:\/\/mundomagnoliophyta.com\/tienda\/pachypodium\/saundersii\/semillas-saundersii-30pz\/#breadcrumb"},"inLanguage":"es","potentialAction":[{"@type":"ReadAction","target":["https:\/\/mundomagnoliophyta.com\/tienda\/pachypodium\/saundersii\/semillas-saundersii-30pz\/"]}]},{"@type":"ImageObject","inLanguage":"es","@id":"https:\/\/mundomagnoliophyta.com\/tienda\/pachypodium\/saundersii\/semillas-saundersii-30pz\/#primaryimage","url":"https:\/\/mundomagnoliophyta.com\/tienda\/wp-content\/uploads\/2023\/07\/Semillas-de-Pachypodium-Lealii-Saundersii-Vivero-Magnoliophyta-fondo-blanco-Web-11.jpg","contentUrl":"https:\/\/mundomagnoliophyta.com\/tienda\/wp-content\/uploads\/2023\/07\/Semillas-de-Pachypodium-Lealii-Saundersii-Vivero-Magnoliophyta-fondo-blanco-Web-11.jpg","width":2084,"height":1545},{"@type":"BreadcrumbList","@id":"https:\/\/mundomagnoliophyta.com\/tienda\/pachypodium\/saundersii\/semillas-saundersii-30pz\/#breadcrumb","itemListElement":[{"@type":"ListItem","position":1,"name":"Portada","item":"https:\/\/mundomagnoliophyta.com\/tienda\/"},{"@type":"ListItem","position":2,"name":"Tienda","item":"https:\/\/mundomagnoliophyta.com\/tienda\/tienda\/"},{"@type":"ListItem","position":3,"name":"Semillas de Pachypodium Lealii Saundersii &#8211; 30 Piezas"}]},{"@type":"WebSite","@id":"https:\/\/mundomagnoliophyta.com\/tienda\/#website","url":"https:\/\/mundomagnoliophyta.com\/tienda\/","name":"Tienda Vivero Magnoliophyta","description":"Tienda de Pachypodium, Echeveria Laui, Grusonii y Adenium","publisher":{"@id":"https:\/\/mundomagnoliophyta.com\/tienda\/#organization"},"potentialAction":[{"@type":"SearchAction","target":{"@type":"EntryPoint","urlTemplate":"https:\/\/mundomagnoliophyta.com\/tienda\/?s={search_term_string}"},"query-input":{"@type":"PropertyValueSpecification","valueRequired":true,"valueName":"search_term_string"}}],"inLanguage":"es"},{"@type":"Organization","@id":"https:\/\/mundomagnoliophyta.com\/tienda\/#organization","name":"Tienda Vivero Magnoliophyta","url":"https:\/\/mundomagnoliophyta.com\/tienda\/","logo":{"@type":"ImageObject","inLanguage":"es","@id":"https:\/\/mundomagnoliophyta.com\/tienda\/#\/schema\/logo\/image\/","url":"https:\/\/mundomagnoliophyta.com\/tienda\/wp-content\/uploads\/2023\/07\/Logo-Magnoliophyta-web.png","contentUrl":"https:\/\/mundomagnoliophyta.com\/tienda\/wp-content\/uploads\/2023\/07\/Logo-Magnoliophyta-web.png","width":331,"height":71,"caption":"Tienda Vivero Magnoliophyta"},"image":{"@id":"https:\/\/mundomagnoliophyta.com\/tienda\/#\/schema\/logo\/image\/"}}]}},"_links":{"self":[{"href":"https:\/\/mundomagnoliophyta.com\/tienda\/wp-json\/wp\/v2\/product\/201","targetHints":{"allow":["GET"]}}],"collection":[{"href":"https:\/\/mundomagnoliophyta.com\/tienda\/wp-json\/wp\/v2\/product"}],"about":[{"href":"https:\/\/mundomagnoliophyta.com\/tienda\/wp-json\/wp\/v2\/types\/product"}],"wp:featuredmedia":[{"embeddable":true,"href":"https:\/\/mundomagnoliophyta.com\/tienda\/wp-json\/wp\/v2\/media\/236"}],"wp:attachment":[{"href":"https:\/\/mundomagnoliophyta.com\/tienda\/wp-json\/wp\/v2\/media?parent=201"}],"wp:term":[{"taxonomy":"product_brand","embeddable":true,"href":"https:\/\/mundomagnoliophyta.com\/tienda\/wp-json\/wp\/v2\/product_brand?post=201"},{"taxonomy":"product_cat","embeddable":true,"href":"https:\/\/mundomagnoliophyta.com\/tienda\/wp-json\/wp\/v2\/product_cat?post=201"},{"taxonomy":"product_tag","embeddable":true,"href":"https:\/\/mundomagnoliophyta.com\/tienda\/wp-json\/wp\/v2\/product_tag?post=201"}],"curies":[{"name":"wp","href":"https:\/\/api.w.org\/{rel}","templated":true}]}}