{"id":119,"date":"2023-07-28T06:33:35","date_gmt":"2023-07-28T06:33:35","guid":{"rendered":"https:\/\/mundomagnoliophyta.com\/tienda\/?post_type=product&#038;p=119"},"modified":"2023-07-29T06:10:46","modified_gmt":"2023-07-29T12:10:46","slug":"pachypodium-rutenbergianum-6-pulgadas-1-pieza","status":"publish","type":"product","link":"https:\/\/mundomagnoliophyta.com\/tienda\/pachypodium\/rutenbergianum\/sofiense-6in-1pz\/","title":{"rendered":"Pachypodium Rutenbergianum 6 Pulgadas &#8211; 1 Pieza"},"content":{"rendered":"<p>\u00bfQuieres comprar Pachypodium Rutenbergianum? Ll\u00e9vate esta incre\u00edble especie y arma tu colecci\u00f3n de Pachypodium. Este es uno de los Pachypodium m\u00e1s bellos y espectaculares, su crecimiento es \u00fanico de entre todas las variedades que existen de Pachypodium.<\/p>\n<p><strong>IMPORTANTE:<\/strong><\/p>\n<p><strong>\u00bfQu\u00e9 incluye?<\/strong> 1 Pieza de Pachypodium en presentaci\u00f3n de maceta de 6 Pulgadas.<\/p>\n<p><strong>\u00bfC\u00f3mo se env\u00eda?<\/strong> Este Pachypodium se env\u00eda en maceta.<\/p>\n<p>La planta se env\u00eda ya tratada, es decir, aplicamos fungicidas para proteger la ra\u00edz de la planta y que te llegue en \u00f3ptimas condiciones.<\/p>\n<p>Esta planta es caducifolia, quiere decir que de forma natural pierde su follaje en oto\u00f1o\/invierno. En primavera\/verano tiene follaje. Como cualquier otra planta, al momento de empacarla y enviarla, puede perder follaje, esto es normal cuando se env\u00edan por paqueter\u00eda. Eso no afecta a la planta en lo m\u00e1s m\u00ednimo. Tu planta no va a morir durante el tiempo de traslado. Hemos mantenido en tr\u00e1nsito a estas plantas hasta por 20 d\u00edas y no mueren. Son muy resistentes.<\/p>\n<p>S\u00ed quiero comprar mi Pachypodium Rutenbergianum \u00bfHay alg\u00fan consejo previo a mi compra?<\/p>\n<h2>\u00bfQu\u00e9 hacer cuando recibo mi planta?<\/h2>\n<p>Si recibes tu planta a ra\u00edz desnuda, lo que vas a hacer una vez que recibes el paquete es lo siguiente:<br \/>\n1.- Abrir el paquete y sacar las plantas.<br \/>\n2.- Si recibes tus plantas a ra\u00edz desnuda entonces las vas a rociar con abundante agua hasta empaparlas. Si recibes tus plantas con maceta las vas a regar con abundante agua. Dejarlas reposar un par de horas bajo la sombra. Esto les ayuda a aclimatarse al nuevo ambiente del lugar donde te encuentras.<br \/>\n3.- Envasar tu planta. Nosotros utilizamos un sustrato preparado con las siguientes porciones de materiales: 50% Tierra negra, 25% Tepojal y 25% Tierra de hoja. Procura envasarla en una maceta proporcional a su tama\u00f1o. Puedes usar maceta de pl\u00e1stico o del material de tu preferencia.<br \/>\n4.- Regarla con abundante agua a diario para que se vaya rehidratando.<\/p>\n<p><strong>Sugerencias extras (independientemente si la recibes en maceta o a ra\u00edz desnuda):<\/strong><br \/>\nEn la primer semana en que hayas recibido tu planta sugerimos lo siguiente.<br \/>\n1.- Aplicar fungicida. Este es un preventivo. Lo vas a aplicar 1 vez por semana. Durante un periodo de 1 mes. Por lo tanto vas a aplicarlo 4 veces en todo el mes. Elige el fungicida de tu preferencia. Esto es simplemente por prevenci\u00f3n. No importa si no lo aplicas.<\/p>\n<p>2.- Aplicar enraizador. Este es para darle un impulso a tu planta. Lo vas a aplicar 1 vez cada 2 semanas. Durante un periodo de 1 mes. Por lo tanto vas a aplicarlo 2 veces en todo el mes. Elige el fungicida de tu preferencia. Esto es simplemente para impulsar a la planta. No importa si no lo aplicas.<\/p>\n<p>&nbsp;<\/p>\n<h2>Descripci\u00f3n del Producto.<\/h2>\n<p>El Pachypodium (Palma Africana o Palma de Madagascar) es un g\u00e9nero de plantas que pertenece a la familia Apocynaceae.<\/p>\n<p>Esta planta es originaria del pa\u00eds del continente<strong> Africano<\/strong>. Un lugar des\u00e9rtico en la gran mayor\u00eda de su extensi\u00f3n territorial. Donde la planta crece y\u00a0<strong>se adapta a los climas extremos<\/strong>\u00a0que el desierto propicia en sus diferentes \u00e9pocas del a\u00f1o.<\/p>\n<p>Somos productores, nos encontramos en el estado de Morelos, M\u00e9xico.<\/p>\n<p><strong>Nombre com\u00fan de esta planta:<\/strong><br \/>\nCactus de Madagascar.<br \/>\nCactus Africano.<br \/>\nPlanta de Madagascar.<br \/>\n\u00c1rbol de Madagascar.<br \/>\nPachy.<\/p>\n<p>&nbsp;<\/p>\n<p><strong>Lectura recomendada:<\/strong> <a href=\"https:\/\/mundomagnoliophyta.com\/datos-curiosos-del-pachypodium-rutenbergianum\/\">3 datos curiosos del Pachypodium Rutenbergianum.<\/a><\/p>\n<p>&nbsp;<\/p>\n<h2>Caracter\u00edsticas del Pachypodium Rutenbergianum Sofiense 6&#8243;.<\/h2>\n<p>Altura total (promedio): 50cm.<\/p>\n<p>Altura solo del tallo y el follaje (promedio): 40cm.<\/p>\n<p>*La altura es promedio ya que cada planta es \u00fanica, puede haber ligeras variaciones en tama\u00f1o y presentaci\u00f3n visual.<\/p>\n<p>&nbsp;<\/p>\n<h2>\u00bfC\u00f3mo es la flor del Pachypodium Rutenbergianum Sofiense?<\/h2>\n<p>La flor del Pachypodium Rutenbergianum Sofiense es una flor tipo estrella, es de color blanco y se da en ramilletes de flores. En las siguientes im\u00e1genes puedes apreciar la hermosa flor.<\/p>\n<h2>Lugar ideal.<\/h2>\n<p>Para esta planta se recomiendan colocarla en un lugar donde reciba el sol ya sea de la ma\u00f1ana o de la tarde. Tambi\u00e9n es ideal colocarla en un domo. Ya que el calor y el sol es un elemento principal para un buen desarrollo y crecimiento de la planta.<\/p>\n<h2>Riego.<\/h2>\n<p>Al colocar la planta en estas condiciones, se recomienda regarla con agua 3 veces por semana. En temporadas de lluvia y de invierno, el riego puede disminuir a 2 veces por semana. Dependiendo c\u00f3mo se observe la humedad en la tierra de la planta.<\/p>\n<p>&nbsp;<\/p>\n<h2>Vida Adulta.<\/h2>\n<p>La vida adulta del Pachypodium Rutenbergianum Sofiense 6 Pulgadas. <strong>\u00bfC\u00f3mo es?<\/strong><\/p>\n<p>Este es uno de los Pachypodium m\u00e1s <strong>imponentes y espectaculares.<\/strong> Son grandes ejemplares con c\u00e1udices (tallos) anchos y largos.<\/p>\n<p>Se convierte en un gran \u00e1rbol que puede llegar a medir entre 6 y 8 metros de altura.<\/p>\n<p>Aproximadamente a la edad de 7 a\u00f1os el Pachypodium Rutenbergianum va a florecer. Produce ramilletes de flores blancas. Este ramillete de flores puede durar de 3 a 5 meses. La flor sale en la punta del tallo del Pachypodium, posteriormente el tallo (o tronco) se ramifica.<\/p>\n<p>Normalmente salen 2 ramas (a veces 3 ramas). Por eso es que despu\u00e9s de varias floraciones la planta se llega a convertir en un hermoso \u00e1rbol ramificado.<\/p>\n<p>Mira las fotograf\u00edas en seguida para que te des una idea de c\u00f3mo es la flor de Pachypodium Rutenbergianum y c\u00f3mo es su forma una vez que alcanza la vida adulta. Puede adornar cualquier espacio o jard\u00edn as\u00ed como hacer lucir cualquier colecci\u00f3n de Cactus.<\/p>\n<p>&nbsp;<\/p>\n<figure id=\"attachment_2022\" aria-describedby=\"caption-attachment-2022\" style=\"width: 960px\" class=\"wp-caption alignnone\"><a href=\"https:\/\/mundomagnoliophyta.com\/wp-content\/uploads\/2020\/03\/Flor-del-Pachypodium-Rutenbergianum-Vivero-Magnoliophyta.jpg\"><img loading=\"lazy\" decoding=\"async\" class=\"wp-image-2022 size-full\" src=\"https:\/\/mundomagnoliophyta.com\/wp-content\/uploads\/2020\/03\/Flor-del-Pachypodium-Rutenbergianum-Vivero-Magnoliophyta.jpg\" alt=\"Flores de Pachypodium Rutenbergianum - Vivero Magnoliophyta\" width=\"960\" height=\"960\" \/><\/a><figcaption id=\"caption-attachment-2022\" class=\"wp-caption-text\">Flores de Pachypodium Rutenbergianum Sofiense.<\/figcaption><\/figure>\n<figure id=\"attachment_2491\" aria-describedby=\"caption-attachment-2491\" style=\"width: 960px\" class=\"wp-caption alignnone\"><a href=\"https:\/\/mundomagnoliophyta.com\/wp-content\/uploads\/2020\/05\/Pachypodium-Rutenbergianum-Sofiense-Vivero-Magnoliophyta.jpg\"><img loading=\"lazy\" decoding=\"async\" class=\"wp-image-2491 size-full\" src=\"https:\/\/mundomagnoliophyta.com\/wp-content\/uploads\/2020\/05\/Pachypodium-Rutenbergianum-Sofiense-Vivero-Magnoliophyta.jpg\" alt=\"As\u00ed de bonito se ve un Pachypodium Rutenbergianum Sofiense - Vivero Magnoliophyta\" width=\"960\" height=\"960\" \/><\/a><figcaption id=\"caption-attachment-2491\" class=\"wp-caption-text\">As\u00ed de bonito se ve un Pachypodium Rutenbergianum Sofiense &#8211; Vivero Magnoliophyta.<\/figcaption><\/figure>\n<figure id=\"attachment_2492\" aria-describedby=\"caption-attachment-2492\" style=\"width: 720px\" class=\"wp-caption alignnone\"><a href=\"https:\/\/mundomagnoliophyta.com\/wp-content\/uploads\/2020\/05\/Pachypodium-Rutenbergianum-Sofiense-Adulto-Vivero-Magnoliophyta.jpg\"><img loading=\"lazy\" decoding=\"async\" class=\"size-full wp-image-2492\" src=\"https:\/\/mundomagnoliophyta.com\/wp-content\/uploads\/2020\/05\/Pachypodium-Rutenbergianum-Sofiense-Adulto-Vivero-Magnoliophyta.jpg\" alt=\"\u00c1rbol de Pachypodium Rutenbergianum Sofiense - Vivero Magnoliophyta.\" width=\"720\" height=\"960\" \/><\/a><figcaption id=\"caption-attachment-2492\" class=\"wp-caption-text\">\u00bfC\u00f3mo se ve un arbolito de Pachypodium Rutenbergianum?<\/figcaption><\/figure>\n<p>&nbsp;<\/p>\n<figure id=\"attachment_2287\" aria-describedby=\"caption-attachment-2287\" style=\"width: 800px\" class=\"wp-caption alignnone\"><a href=\"https:\/\/mundomagnoliophyta.com\/wp-content\/uploads\/2020\/05\/Flores-de-Pachypodium-Rutenbergianum-Vivero-Magnoliophyta.jpg\"><img loading=\"lazy\" decoding=\"async\" class=\"wp-image-2287 size-full\" src=\"https:\/\/mundomagnoliophyta.com\/wp-content\/uploads\/2020\/05\/Flores-de-Pachypodium-Rutenbergianum-Vivero-Magnoliophyta.jpg\" alt=\"Flores de Pachypodium Rutenbergianum.\" width=\"800\" height=\"450\" \/><\/a><figcaption id=\"caption-attachment-2287\" class=\"wp-caption-text\">Flores y ramificaci\u00f3n del Pachypodium Rutenbergianum.<\/figcaption><\/figure>\n<p>&nbsp;<\/p>\n<figure id=\"attachment_2288\" aria-describedby=\"caption-attachment-2288\" style=\"width: 800px\" class=\"wp-caption alignnone\"><a href=\"https:\/\/mundomagnoliophyta.com\/wp-content\/uploads\/2020\/05\/Pachypodium-Rutenbergianum-Arboles-adultos-Vivero-Magnoliophyta.jpg\"><img loading=\"lazy\" decoding=\"async\" class=\"wp-image-2288 size-full\" src=\"https:\/\/mundomagnoliophyta.com\/wp-content\/uploads\/2020\/05\/Pachypodium-Rutenbergianum-Arboles-adultos-Vivero-Magnoliophyta.jpg\" alt=\"Pachypodium Rutenbergianum Adulto - Vivero Magnoliophyta.\" width=\"800\" height=\"450\" \/><\/a><figcaption id=\"caption-attachment-2288\" class=\"wp-caption-text\">\u00bfC\u00f3mo crece el Pachypodium Rutenbergianum? Aqu\u00ed se observan plantas madre de aproximadamente 15 a\u00f1os de edad con una altura promedio de 3 metros.<\/figcaption><\/figure>\n<h2>Video.<\/h2>\n<p>Descubre c\u00f3mo es el Pachypodium Rutenbergianum en la vida adulta con este video. Dale play aqu\u00ed abajo.<\/p>\n<p>&nbsp;<\/p>\n<blockquote class=\"embedly-card\">\n<h4><a href=\"https:\/\/youtu.be\/PvWtjLYCnYU\">Pachypodium Rutenbergianum &#8211; Gu\u00eda de introducci\u00f3n a esta Planta Africana de Colecci\u00f3n.<\/a><\/h4>\n<p>\u00bfC\u00f3mo es la flor? \u00bfCu\u00e1nto crece? \u00bfC\u00f3mo es? Descubre estas y otras respuestas en este video donde explicamos detalles importantes acerca de la variedad de Pac&#8230;<\/p><\/blockquote>\n<p><script async src=\"\/\/cdn.embedly.com\/widgets\/platform.js\" charset=\"UTF-8\"><\/script><\/p>\n<h2>\u00bfTienes dudas?<\/h2>\n<p>[wpforms id=\u00bb3788&#8243; title=\u00bbfalse\u00bb description=\u00bbtrue\u00bb]<\/p>\n<p><strong>S\u00edguenos y descubre m\u00e1s productos nuevos.<\/strong><\/p>\n<p><a href=\"https:\/\/www.facebook.com\/mmagnoliophyta\/\">Facebook\u00a0<\/a>\u2013\u00a0<a href=\"https:\/\/www.instagram.com\/mmagnoliophyta\/\">Instagram\u00a0<\/a>\u2013\u00a0<a href=\"https:\/\/www.pinterest.com.mx\/mmagnoliophyta\/\">Pinterest<\/a>\u00a0\u2013\u00a0<a href=\"https:\/\/www.youtube.com\/channel\/UCKtWWE_lBszDJG5eNf_XrEg\">Youtube.<\/a><\/p>\n","protected":false},"excerpt":{"rendered":"<ul>\n<li style=\"color: #2e9b03;\">Compra segura y protegida con SSL.<\/li>\n<li style=\"color: #2e9b03;\">Paga en OXXO, con Tarjeta o Transferencia.<\/li>\n<li style=\"color: #2e9b03;\">Recibe el producto que esperas o te devolvemos tu dinero.<\/li>\n<\/ul>\n<div id=\"gtx-trans\" style=\"position: absolute; left: 58px; top: -3px;\">\n<div class=\"gtx-trans-icon\"><\/div>\n<\/div>\n","protected":false},"featured_media":181,"template":"","meta":[],"product_brand":[],"product_cat":[36],"product_tag":[19],"class_list":{"0":"post-119","1":"product","2":"type-product","3":"status-publish","4":"has-post-thumbnail","6":"product_cat-rutenbergianum","7":"product_tag-especies-de-pachypodium","9":"first","10":"outofstock","11":"sale","12":"shipping-taxable","13":"purchasable","14":"product-type-simple"},"yoast_head":"<!-- This site is optimized with the Yoast SEO plugin v25.4 - https:\/\/yoast.com\/wordpress\/plugins\/seo\/ -->\n<title>Pachypodium Rutenbergianum - Comprar en M\u00e9xico. Tienda online.<\/title>\n<meta name=\"description\" content=\"\u00bfQuieres comprar Pachypodium Rutenbergianum? Ll\u00e9vate este incre\u00edble ejemplar a un mejor precio. Env\u00edos a todo M\u00e9xico. Ver aqu\u00ed\" \/>\n<meta name=\"robots\" content=\"index, follow, max-snippet:-1, max-image-preview:large, max-video-preview:-1\" \/>\n<link rel=\"canonical\" href=\"https:\/\/mundomagnoliophyta.com\/tienda\/pachypodium\/rutenbergianum\/sofiense-6in-1pz\/\" \/>\n<meta property=\"og:locale\" content=\"es_ES\" \/>\n<meta property=\"og:type\" content=\"article\" \/>\n<meta property=\"og:title\" content=\"Pachypodium Rutenbergianum - Comprar en M\u00e9xico. Tienda online.\" \/>\n<meta property=\"og:description\" content=\"\u00bfQuieres comprar Pachypodium Rutenbergianum? Ll\u00e9vate este incre\u00edble ejemplar a un mejor precio. Env\u00edos a todo M\u00e9xico. Ver aqu\u00ed\" \/>\n<meta property=\"og:url\" content=\"https:\/\/mundomagnoliophyta.com\/tienda\/pachypodium\/rutenbergianum\/sofiense-6in-1pz\/\" \/>\n<meta property=\"og:site_name\" content=\"Tienda Vivero Magnoliophyta\" \/>\n<meta property=\"article:modified_time\" content=\"2023-07-29T12:10:46+00:00\" \/>\n<meta property=\"og:image\" content=\"https:\/\/mundomagnoliophyta.com\/tienda\/wp-content\/uploads\/2023\/07\/Pachypodium-Rutenbergianum-Sofiense-6-Pulgadas-1-Vivero-Magnoliophyta.jpg\" \/>\n\t<meta property=\"og:image:width\" content=\"2084\" \/>\n\t<meta property=\"og:image:height\" content=\"1545\" \/>\n\t<meta property=\"og:image:type\" content=\"image\/jpeg\" \/>\n<meta name=\"twitter:card\" content=\"summary_large_image\" \/>\n<meta name=\"twitter:label1\" content=\"Tiempo de lectura\" \/>\n\t<meta name=\"twitter:data1\" content=\"6 minutos\" \/>\n<script type=\"application\/ld+json\" class=\"yoast-schema-graph\">{\"@context\":\"https:\/\/schema.org\",\"@graph\":[{\"@type\":\"WebPage\",\"@id\":\"https:\/\/mundomagnoliophyta.com\/tienda\/pachypodium\/rutenbergianum\/sofiense-6in-1pz\/\",\"url\":\"https:\/\/mundomagnoliophyta.com\/tienda\/pachypodium\/rutenbergianum\/sofiense-6in-1pz\/\",\"name\":\"Pachypodium Rutenbergianum - Comprar en M\u00e9xico. Tienda online.\",\"isPartOf\":{\"@id\":\"https:\/\/mundomagnoliophyta.com\/tienda\/#website\"},\"primaryImageOfPage\":{\"@id\":\"https:\/\/mundomagnoliophyta.com\/tienda\/pachypodium\/rutenbergianum\/sofiense-6in-1pz\/#primaryimage\"},\"image\":{\"@id\":\"https:\/\/mundomagnoliophyta.com\/tienda\/pachypodium\/rutenbergianum\/sofiense-6in-1pz\/#primaryimage\"},\"thumbnailUrl\":\"https:\/\/mundomagnoliophyta.com\/tienda\/wp-content\/uploads\/2023\/07\/Pachypodium-Rutenbergianum-Sofiense-6-Pulgadas-1-Vivero-Magnoliophyta.jpg\",\"datePublished\":\"2023-07-28T06:33:35+00:00\",\"dateModified\":\"2023-07-29T12:10:46+00:00\",\"description\":\"\u00bfQuieres comprar Pachypodium Rutenbergianum? Ll\u00e9vate este incre\u00edble ejemplar a un mejor precio. Env\u00edos a todo M\u00e9xico. Ver aqu\u00ed\",\"breadcrumb\":{\"@id\":\"https:\/\/mundomagnoliophyta.com\/tienda\/pachypodium\/rutenbergianum\/sofiense-6in-1pz\/#breadcrumb\"},\"inLanguage\":\"es\",\"potentialAction\":[{\"@type\":\"ReadAction\",\"target\":[\"https:\/\/mundomagnoliophyta.com\/tienda\/pachypodium\/rutenbergianum\/sofiense-6in-1pz\/\"]}]},{\"@type\":\"ImageObject\",\"inLanguage\":\"es\",\"@id\":\"https:\/\/mundomagnoliophyta.com\/tienda\/pachypodium\/rutenbergianum\/sofiense-6in-1pz\/#primaryimage\",\"url\":\"https:\/\/mundomagnoliophyta.com\/tienda\/wp-content\/uploads\/2023\/07\/Pachypodium-Rutenbergianum-Sofiense-6-Pulgadas-1-Vivero-Magnoliophyta.jpg\",\"contentUrl\":\"https:\/\/mundomagnoliophyta.com\/tienda\/wp-content\/uploads\/2023\/07\/Pachypodium-Rutenbergianum-Sofiense-6-Pulgadas-1-Vivero-Magnoliophyta.jpg\",\"width\":2084,\"height\":1545},{\"@type\":\"BreadcrumbList\",\"@id\":\"https:\/\/mundomagnoliophyta.com\/tienda\/pachypodium\/rutenbergianum\/sofiense-6in-1pz\/#breadcrumb\",\"itemListElement\":[{\"@type\":\"ListItem\",\"position\":1,\"name\":\"Portada\",\"item\":\"https:\/\/mundomagnoliophyta.com\/tienda\/\"},{\"@type\":\"ListItem\",\"position\":2,\"name\":\"Tienda\",\"item\":\"https:\/\/mundomagnoliophyta.com\/tienda\/tienda\/\"},{\"@type\":\"ListItem\",\"position\":3,\"name\":\"Pachypodium Rutenbergianum 6 Pulgadas &#8211; 1 Pieza\"}]},{\"@type\":\"WebSite\",\"@id\":\"https:\/\/mundomagnoliophyta.com\/tienda\/#website\",\"url\":\"https:\/\/mundomagnoliophyta.com\/tienda\/\",\"name\":\"Tienda Vivero Magnoliophyta\",\"description\":\"Tienda de Pachypodium, Echeveria Laui, Grusonii y Adenium\",\"publisher\":{\"@id\":\"https:\/\/mundomagnoliophyta.com\/tienda\/#organization\"},\"potentialAction\":[{\"@type\":\"SearchAction\",\"target\":{\"@type\":\"EntryPoint\",\"urlTemplate\":\"https:\/\/mundomagnoliophyta.com\/tienda\/?s={search_term_string}\"},\"query-input\":{\"@type\":\"PropertyValueSpecification\",\"valueRequired\":true,\"valueName\":\"search_term_string\"}}],\"inLanguage\":\"es\"},{\"@type\":\"Organization\",\"@id\":\"https:\/\/mundomagnoliophyta.com\/tienda\/#organization\",\"name\":\"Tienda Vivero Magnoliophyta\",\"url\":\"https:\/\/mundomagnoliophyta.com\/tienda\/\",\"logo\":{\"@type\":\"ImageObject\",\"inLanguage\":\"es\",\"@id\":\"https:\/\/mundomagnoliophyta.com\/tienda\/#\/schema\/logo\/image\/\",\"url\":\"https:\/\/mundomagnoliophyta.com\/tienda\/wp-content\/uploads\/2023\/07\/Logo-Magnoliophyta-web.png\",\"contentUrl\":\"https:\/\/mundomagnoliophyta.com\/tienda\/wp-content\/uploads\/2023\/07\/Logo-Magnoliophyta-web.png\",\"width\":331,\"height\":71,\"caption\":\"Tienda Vivero Magnoliophyta\"},\"image\":{\"@id\":\"https:\/\/mundomagnoliophyta.com\/tienda\/#\/schema\/logo\/image\/\"}}]}<\/script>\n<!-- \/ Yoast SEO plugin. -->","yoast_head_json":{"title":"Pachypodium Rutenbergianum - Comprar en M\u00e9xico. Tienda online.","description":"\u00bfQuieres comprar Pachypodium Rutenbergianum? Ll\u00e9vate este incre\u00edble ejemplar a un mejor precio. Env\u00edos a todo M\u00e9xico. Ver aqu\u00ed","robots":{"index":"index","follow":"follow","max-snippet":"max-snippet:-1","max-image-preview":"max-image-preview:large","max-video-preview":"max-video-preview:-1"},"canonical":"https:\/\/mundomagnoliophyta.com\/tienda\/pachypodium\/rutenbergianum\/sofiense-6in-1pz\/","og_locale":"es_ES","og_type":"article","og_title":"Pachypodium Rutenbergianum - Comprar en M\u00e9xico. Tienda online.","og_description":"\u00bfQuieres comprar Pachypodium Rutenbergianum? Ll\u00e9vate este incre\u00edble ejemplar a un mejor precio. Env\u00edos a todo M\u00e9xico. Ver aqu\u00ed","og_url":"https:\/\/mundomagnoliophyta.com\/tienda\/pachypodium\/rutenbergianum\/sofiense-6in-1pz\/","og_site_name":"Tienda Vivero Magnoliophyta","article_modified_time":"2023-07-29T12:10:46+00:00","og_image":[{"width":2084,"height":1545,"url":"https:\/\/mundomagnoliophyta.com\/tienda\/wp-content\/uploads\/2023\/07\/Pachypodium-Rutenbergianum-Sofiense-6-Pulgadas-1-Vivero-Magnoliophyta.jpg","type":"image\/jpeg"}],"twitter_card":"summary_large_image","twitter_misc":{"Tiempo de lectura":"6 minutos"},"schema":{"@context":"https:\/\/schema.org","@graph":[{"@type":"WebPage","@id":"https:\/\/mundomagnoliophyta.com\/tienda\/pachypodium\/rutenbergianum\/sofiense-6in-1pz\/","url":"https:\/\/mundomagnoliophyta.com\/tienda\/pachypodium\/rutenbergianum\/sofiense-6in-1pz\/","name":"Pachypodium Rutenbergianum - Comprar en M\u00e9xico. Tienda online.","isPartOf":{"@id":"https:\/\/mundomagnoliophyta.com\/tienda\/#website"},"primaryImageOfPage":{"@id":"https:\/\/mundomagnoliophyta.com\/tienda\/pachypodium\/rutenbergianum\/sofiense-6in-1pz\/#primaryimage"},"image":{"@id":"https:\/\/mundomagnoliophyta.com\/tienda\/pachypodium\/rutenbergianum\/sofiense-6in-1pz\/#primaryimage"},"thumbnailUrl":"https:\/\/mundomagnoliophyta.com\/tienda\/wp-content\/uploads\/2023\/07\/Pachypodium-Rutenbergianum-Sofiense-6-Pulgadas-1-Vivero-Magnoliophyta.jpg","datePublished":"2023-07-28T06:33:35+00:00","dateModified":"2023-07-29T12:10:46+00:00","description":"\u00bfQuieres comprar Pachypodium Rutenbergianum? Ll\u00e9vate este incre\u00edble ejemplar a un mejor precio. Env\u00edos a todo M\u00e9xico. Ver aqu\u00ed","breadcrumb":{"@id":"https:\/\/mundomagnoliophyta.com\/tienda\/pachypodium\/rutenbergianum\/sofiense-6in-1pz\/#breadcrumb"},"inLanguage":"es","potentialAction":[{"@type":"ReadAction","target":["https:\/\/mundomagnoliophyta.com\/tienda\/pachypodium\/rutenbergianum\/sofiense-6in-1pz\/"]}]},{"@type":"ImageObject","inLanguage":"es","@id":"https:\/\/mundomagnoliophyta.com\/tienda\/pachypodium\/rutenbergianum\/sofiense-6in-1pz\/#primaryimage","url":"https:\/\/mundomagnoliophyta.com\/tienda\/wp-content\/uploads\/2023\/07\/Pachypodium-Rutenbergianum-Sofiense-6-Pulgadas-1-Vivero-Magnoliophyta.jpg","contentUrl":"https:\/\/mundomagnoliophyta.com\/tienda\/wp-content\/uploads\/2023\/07\/Pachypodium-Rutenbergianum-Sofiense-6-Pulgadas-1-Vivero-Magnoliophyta.jpg","width":2084,"height":1545},{"@type":"BreadcrumbList","@id":"https:\/\/mundomagnoliophyta.com\/tienda\/pachypodium\/rutenbergianum\/sofiense-6in-1pz\/#breadcrumb","itemListElement":[{"@type":"ListItem","position":1,"name":"Portada","item":"https:\/\/mundomagnoliophyta.com\/tienda\/"},{"@type":"ListItem","position":2,"name":"Tienda","item":"https:\/\/mundomagnoliophyta.com\/tienda\/tienda\/"},{"@type":"ListItem","position":3,"name":"Pachypodium Rutenbergianum 6 Pulgadas &#8211; 1 Pieza"}]},{"@type":"WebSite","@id":"https:\/\/mundomagnoliophyta.com\/tienda\/#website","url":"https:\/\/mundomagnoliophyta.com\/tienda\/","name":"Tienda Vivero Magnoliophyta","description":"Tienda de Pachypodium, Echeveria Laui, Grusonii y Adenium","publisher":{"@id":"https:\/\/mundomagnoliophyta.com\/tienda\/#organization"},"potentialAction":[{"@type":"SearchAction","target":{"@type":"EntryPoint","urlTemplate":"https:\/\/mundomagnoliophyta.com\/tienda\/?s={search_term_string}"},"query-input":{"@type":"PropertyValueSpecification","valueRequired":true,"valueName":"search_term_string"}}],"inLanguage":"es"},{"@type":"Organization","@id":"https:\/\/mundomagnoliophyta.com\/tienda\/#organization","name":"Tienda Vivero Magnoliophyta","url":"https:\/\/mundomagnoliophyta.com\/tienda\/","logo":{"@type":"ImageObject","inLanguage":"es","@id":"https:\/\/mundomagnoliophyta.com\/tienda\/#\/schema\/logo\/image\/","url":"https:\/\/mundomagnoliophyta.com\/tienda\/wp-content\/uploads\/2023\/07\/Logo-Magnoliophyta-web.png","contentUrl":"https:\/\/mundomagnoliophyta.com\/tienda\/wp-content\/uploads\/2023\/07\/Logo-Magnoliophyta-web.png","width":331,"height":71,"caption":"Tienda Vivero Magnoliophyta"},"image":{"@id":"https:\/\/mundomagnoliophyta.com\/tienda\/#\/schema\/logo\/image\/"}}]}},"_links":{"self":[{"href":"https:\/\/mundomagnoliophyta.com\/tienda\/wp-json\/wp\/v2\/product\/119","targetHints":{"allow":["GET"]}}],"collection":[{"href":"https:\/\/mundomagnoliophyta.com\/tienda\/wp-json\/wp\/v2\/product"}],"about":[{"href":"https:\/\/mundomagnoliophyta.com\/tienda\/wp-json\/wp\/v2\/types\/product"}],"wp:featuredmedia":[{"embeddable":true,"href":"https:\/\/mundomagnoliophyta.com\/tienda\/wp-json\/wp\/v2\/media\/181"}],"wp:attachment":[{"href":"https:\/\/mundomagnoliophyta.com\/tienda\/wp-json\/wp\/v2\/media?parent=119"}],"wp:term":[{"taxonomy":"product_brand","embeddable":true,"href":"https:\/\/mundomagnoliophyta.com\/tienda\/wp-json\/wp\/v2\/product_brand?post=119"},{"taxonomy":"product_cat","embeddable":true,"href":"https:\/\/mundomagnoliophyta.com\/tienda\/wp-json\/wp\/v2\/product_cat?post=119"},{"taxonomy":"product_tag","embeddable":true,"href":"https:\/\/mundomagnoliophyta.com\/tienda\/wp-json\/wp\/v2\/product_tag?post=119"}],"curies":[{"name":"wp","href":"https:\/\/api.w.org\/{rel}","templated":true}]}}